{"id":2184,"date":"2026-01-22T05:56:24","date_gmt":"2026-01-22T05:56:24","guid":{"rendered":"https:\/\/peronmedya.com\/liderokullari\/?page_id=2184"},"modified":"2026-02-11T08:39:31","modified_gmt":"2026-02-11T08:39:31","slug":"egitim-felsefemiz","status":"publish","type":"page","link":"https:\/\/peronmedya.com\/liderokullari\/egitim-felsefemiz\/","title":{"rendered":"E\u011fitim Felsefemiz"},"content":{"rendered":"\t\t<div data-elementor-type=\"wp-page\" data-elementor-id=\"2184\" class=\"elementor elementor-2184\" data-elementor-post-type=\"page\">\n\t\t\t\t<div class=\"elementor-element elementor-element-5641ef2 e-flex e-con-boxed e-con e-parent\" data-id=\"5641ef2\" data-element_type=\"container\" data-e-type=\"container\">\n\t\t\t\t\t<div class=\"e-con-inner\">\n\t\t<div class=\"elementor-element elementor-element-57f27d6 e-con-full e-flex e-con e-child\" data-id=\"57f27d6\" data-element_type=\"container\" data-e-type=\"container\">\n\t\t<div class=\"elementor-element elementor-element-72ea014 e-con-full e-flex e-con e-child\" data-id=\"72ea014\" data-element_type=\"container\" data-e-type=\"container\">\n\t\t<div class=\"elementor-element elementor-element-87bbbe2 e-con-full e-flex e-con e-child\" data-id=\"87bbbe2\" data-element_type=\"container\" data-e-type=\"container\">\n\t\t\t\t<div class=\"elementor-element elementor-element-63b5d05 elementor-invisible elementor-widget elementor-widget-image\" data-id=\"63b5d05\" data-element_type=\"widget\" data-e-type=\"widget\" data-settings=\"{&quot;_animation&quot;:&quot;fadeInLeft&quot;}\" data-widget_type=\"image.default\">\n\t\t\t\t<div class=\"elementor-widget-container\">\n\t\t\t\t\t\t\t\t\t\t\t\t\t\t\t<img fetchpriority=\"high\" decoding=\"async\" width=\"2016\" height=\"1134\" src=\"https:\/\/peronmedya.com\/liderokullari\/wp-content\/uploads\/2026\/01\/DJI_20250216154638_0380_D-1-1.jpg\" class=\"attachment-full size-full wp-image-2203\" alt=\"\" srcset=\"https:\/\/peronmedya.com\/liderokullari\/wp-content\/uploads\/2026\/01\/DJI_20250216154638_0380_D-1-1.jpg 2016w, https:\/\/peronmedya.com\/liderokullari\/wp-content\/uploads\/2026\/01\/DJI_20250216154638_0380_D-1-1-300x169.jpg 300w, https:\/\/peronmedya.com\/liderokullari\/wp-content\/uploads\/2026\/01\/DJI_20250216154638_0380_D-1-1-1024x576.jpg 1024w, https:\/\/peronmedya.com\/liderokullari\/wp-content\/uploads\/2026\/01\/DJI_20250216154638_0380_D-1-1-768x432.jpg 768w, https:\/\/peronmedya.com\/liderokullari\/wp-content\/uploads\/2026\/01\/DJI_20250216154638_0380_D-1-1-1536x864.jpg 1536w\" sizes=\"(max-width: 2016px) 100vw, 2016px\" \/>\t\t\t\t\t\t\t\t\t\t\t\t\t\t\t<\/div>\n\t\t\t\t<\/div>\n\t\t\t\t<div class=\"elementor-element elementor-element-cd5bc01 elementor-widget elementor-widget-heading\" data-id=\"cd5bc01\" data-element_type=\"widget\" data-e-type=\"widget\" data-widget_type=\"heading.default\">\n\t\t\t\t<div class=\"elementor-widget-container\">\n\t\t\t\t\t<h2 class=\"elementor-heading-title elementor-size-default\">\u201cLider NextGen E\u011fitim Modeli\u201d<\/h2>\t\t\t\t<\/div>\n\t\t\t\t<\/div>\n\t\t\t\t<div class=\"elementor-element elementor-element-9112700 elementor-widget elementor-widget-text-editor\" data-id=\"9112700\" data-element_type=\"widget\" data-e-type=\"widget\" data-widget_type=\"text-editor.default\">\n\t\t\t\t<div class=\"elementor-widget-container\">\n\t\t\t\t\t\t\t\t\t<p>\u00d6\u011frencilerin yaln\u0131zca akademik bilgiyle de\u011fil; ele\u015ftirel d\u00fc\u015f\u00fcnme, problem \u00e7\u00f6zme, ileti\u015fim, etik liderlik ve k\u00fcresel fark\u0131ndal\u0131k becerileriyle donat\u0131lmas\u0131n\u0131 ama\u00e7layan, \u00f6\u011frenci merkezli ve yetkinlik temelli bir e\u011fitim yakla\u015f\u0131m\u0131d\u0131r. Model; de\u011fi\u015fen d\u00fcnya ko\u015fullar\u0131na uyum sa\u011flayabilen, sorumluluk alan ve y\u00f6n verebilen bireyler yeti\u015ftirmeyi hedefler.<\/p><p><strong>\u201cBug\u00fcn\u00fcn \u00f6\u011frencileri, yar\u0131n\u0131n liderleri.\u201d<\/strong><\/p><p><strong>L-NEXT<\/strong><\/p>\t\t\t\t\t\t\t\t<\/div>\n\t\t\t\t<\/div>\n\t\t\t\t<\/div>\n\t\t<div class=\"elementor-element elementor-element-bb87fb7 e-con-full e-flex e-con e-child\" data-id=\"bb87fb7\" data-element_type=\"container\" data-e-type=\"container\">\n\t\t\t\t<div class=\"elementor-element elementor-element-2ee9270 elementor-widget elementor-widget-text-editor\" data-id=\"2ee9270\" data-element_type=\"widget\" data-e-type=\"widget\" data-widget_type=\"text-editor.default\">\n\t\t\t\t<div class=\"elementor-widget-container\">\n\t\t\t\t\t\t\t\t\t<p>Lider Okullar\u0131<\/p>\t\t\t\t\t\t\t\t<\/div>\n\t\t\t\t<\/div>\n\t\t\t\t<div class=\"elementor-element elementor-element-340d2ab elementor-widget elementor-widget-heading\" data-id=\"340d2ab\" data-element_type=\"widget\" data-e-type=\"widget\" data-widget_type=\"heading.default\">\n\t\t\t\t<div class=\"elementor-widget-container\">\n\t\t\t\t\t<h2 class=\"elementor-heading-title elementor-size-default\">E\u011fitim Felsefemiz<\/h2>\t\t\t\t<\/div>\n\t\t\t\t<\/div>\n\t\t\t\t<div class=\"elementor-element elementor-element-7d309c6 elementor-widget elementor-widget-text-editor\" data-id=\"7d309c6\" data-element_type=\"widget\" data-e-type=\"widget\" data-widget_type=\"text-editor.default\">\n\t\t\t\t<div class=\"elementor-widget-container\">\n\t\t\t\t\t\t\t\t\t<p>Ayd\u0131n Lider Okullar\u0131\u2019nda e\u011fitim;<br \/>bilgiyi ezberleten de\u011fil, <strong>anlamland\u0131ran,<\/strong><br \/>\u00f6\u011frenciyi kal\u0131plara sokan de\u011fil, <strong>potansiyelini ortaya \u00e7\u0131karan,<\/strong><br \/>s\u0131nav\u0131 merkeze alan de\u011fil, <strong>hayat\u0131 merkeze alan<\/strong> bir anlay\u0131\u015fla kurgulan\u0131r.<br \/><br \/>Biz her \u00f6\u011frencinin \u00f6\u011frenebilece\u011fine inan\u0131r\u0131z.<br \/>Ancak bunun i\u00e7in <strong>do\u011fru ortam,<\/strong> <strong>do\u011fru y\u00f6ntem ve do\u011fru zaman\u0131n<\/strong> bir araya gelmesi gerekti\u011fini biliriz.<br \/><br \/>Bu nedenle Ayd\u0131n Lider Okullar\u0131\u2019nda e\u011fitim;<br \/>anaokulundan ortaokula kadar uzanan s\u00fcre\u00e7te,<br \/>\u00f6\u011frencinin akademik, sosyal, duygusal ve beceri geli\u015fimini tek bir pedagojik omurga \u00fczerinde b\u00fct\u00fcnle\u015ftiren<br \/>B\u00fct\u00fcnsel E\u011fitim Modeli ile y\u00fcr\u00fct\u00fcl\u00fcr<\/p>\t\t\t\t\t\t\t\t<\/div>\n\t\t\t\t<\/div>\n\t\t\t\t<div class=\"elementor-element elementor-element-0397684 elementor-hidden-phone elementor-invisible elementor-widget elementor-widget-image\" data-id=\"0397684\" data-element_type=\"widget\" data-e-type=\"widget\" data-settings=\"{&quot;_animation&quot;:&quot;fadeInRight&quot;}\" data-widget_type=\"image.default\">\n\t\t\t\t<div class=\"elementor-widget-container\">\n\t\t\t\t\t\t\t\t\t\t\t\t\t\t\t<img decoding=\"async\" width=\"390\" height=\"420\" src=\"https:\/\/peronmedya.com\/liderokullari\/wp-content\/uploads\/2025\/12\/Featured-Image-02.png\" class=\"attachment-full size-full wp-image-1471\" alt=\"\" srcset=\"https:\/\/peronmedya.com\/liderokullari\/wp-content\/uploads\/2025\/12\/Featured-Image-02.png 390w, https:\/\/peronmedya.com\/liderokullari\/wp-content\/uploads\/2025\/12\/Featured-Image-02-279x300.png 279w\" sizes=\"(max-width: 390px) 100vw, 390px\" \/>\t\t\t\t\t\t\t\t\t\t\t\t\t\t\t<\/div>\n\t\t\t\t<\/div>\n\t\t\t\t<\/div>\n\t\t\t\t<\/div>\n\t\t\t\t<\/div>\n\t\t\t\t\t<\/div>\n\t\t\t\t<\/div>\n\t\t<div class=\"elementor-element elementor-element-abee8dd e-flex e-con-boxed e-con e-parent\" data-id=\"abee8dd\" data-element_type=\"container\" data-e-type=\"container\">\n\t\t\t\t\t<div class=\"e-con-inner\">\n\t\t\t\t<div class=\"elementor-element elementor-element-7903c97 elementor-widget elementor-widget-heading\" data-id=\"7903c97\" data-element_type=\"widget\" data-e-type=\"widget\" data-widget_type=\"heading.default\">\n\t\t\t\t<div class=\"elementor-widget-container\">\n\t\t\t\t\t<h2 class=\"elementor-heading-title elementor-size-default\">Ke\u015fif, Temel ve B\u00fct\u00fcnle\u015fme<\/h2>\t\t\t\t<\/div>\n\t\t\t\t<\/div>\n\t\t\t\t<div class=\"elementor-element elementor-element-dde0f61 elementor-widget elementor-widget-text-editor\" data-id=\"dde0f61\" data-element_type=\"widget\" data-e-type=\"widget\" data-widget_type=\"text-editor.default\">\n\t\t\t\t<div class=\"elementor-widget-container\">\n\t\t\t\t\t\t\t\t\t<p>E\u011fitim felsefemiz \u00fc\u00e7 temel a\u015fama \u00fczerine kuruludur:<\/p>\t\t\t\t\t\t\t\t<\/div>\n\t\t\t\t<\/div>\n\t\t\t\t\t<\/div>\n\t\t\t\t<\/div>\n\t\t\t\t<section class=\"elementor-section elementor-top-section elementor-element elementor-element-77e4194 elementor-section-boxed elementor-section-height-default elementor-section-height-default\" data-id=\"77e4194\" data-element_type=\"section\" data-e-type=\"section\" data-settings=\"{&quot;mdp_selection_sticky_effect_enable&quot;:false}\">\n\t\t\t\t\t\t\t<div class=\"elementor-background-overlay\"><\/div>\n\t\t\t\t\t\t\t<div class=\"elementor-container elementor-column-gap-default\">\n\t\t\t\t\t<div class=\"elementor-column elementor-col-100 elementor-top-column elementor-element elementor-element-4a4ea0c\" data-id=\"4a4ea0c\" data-element_type=\"column\" data-e-type=\"column\" data-settings=\"{&quot;mdp_selection_sticky_column_effect_enable&quot;:false}\">\n\t\t\t<div class=\"elementor-widget-wrap elementor-element-populated\">\n\t\t\t\t\t\t<section class=\"elementor-section elementor-inner-section elementor-element elementor-element-764456b elementor-section-boxed elementor-section-height-default elementor-section-height-default\" data-id=\"764456b\" data-element_type=\"section\" data-e-type=\"section\" data-settings=\"{&quot;mdp_selection_sticky_effect_enable&quot;:false}\">\n\t\t\t\t\t\t<div class=\"elementor-container elementor-column-gap-default\">\n\t\t\t\t\t<div class=\"elementor-column elementor-col-50 elementor-inner-column elementor-element elementor-element-c7e20cc elementor-invisible\" data-id=\"c7e20cc\" data-element_type=\"column\" data-e-type=\"column\" data-settings=\"{&quot;animation&quot;:&quot;fadeInLeft&quot;,&quot;mdp_selection_sticky_column_effect_enable&quot;:false}\">\n\t\t\t<div class=\"elementor-widget-wrap elementor-element-populated\">\n\t\t\t\t\t\t<div class=\"elementor-element elementor-element-843c833 elementor-widget elementor-widget-heading\" data-id=\"843c833\" data-element_type=\"widget\" data-e-type=\"widget\" data-widget_type=\"heading.default\">\n\t\t\t\t<div class=\"elementor-widget-container\">\n\t\t\t\t\t<h2 class=\"elementor-heading-title elementor-size-default\">Ke\u015fif<\/h2>\t\t\t\t<\/div>\n\t\t\t\t<\/div>\n\t\t\t\t<div class=\"elementor-element elementor-element-6089422 elementor-widget-divider--view-line elementor-widget elementor-widget-divider\" data-id=\"6089422\" data-element_type=\"widget\" data-e-type=\"widget\" data-widget_type=\"divider.default\">\n\t\t\t\t<div class=\"elementor-widget-container\">\n\t\t\t\t\t\t\t<div class=\"elementor-divider\">\n\t\t\t<span class=\"elementor-divider-separator\">\n\t\t\t\t\t\t<\/span>\n\t\t<\/div>\n\t\t\t\t\t\t<\/div>\n\t\t\t\t<\/div>\n\t\t\t\t<div class=\"elementor-element elementor-element-804a995 elementor-widget elementor-widget-text-editor\" data-id=\"804a995\" data-element_type=\"widget\" data-e-type=\"widget\" data-widget_type=\"text-editor.default\">\n\t\t\t\t<div class=\"elementor-widget-container\">\n\t\t\t\t\t\t\t\t\t<p>\u00c7ocu\u011fun merak\u0131n\u0131, potansiyelini ve \u00f6\u011frenme iste\u011fini ortaya \u00e7\u0131kar\u0131r\u0131z.<br \/>\u00d6\u011frenmenin bask\u0131yla de\u011fil, do\u011fru ortamda do\u011fal olarak ger\u00e7ekle\u015fti\u011fine inan\u0131r\u0131z.<\/p>\t\t\t\t\t\t\t\t<\/div>\n\t\t\t\t<\/div>\n\t\t\t\t<div class=\"elementor-element elementor-element-82cd0bd elementor-widget elementor-widget-heading\" data-id=\"82cd0bd\" data-element_type=\"widget\" data-e-type=\"widget\" data-widget_type=\"heading.default\">\n\t\t\t\t<div class=\"elementor-widget-container\">\n\t\t\t\t\t<h2 class=\"elementor-heading-title elementor-size-default\">Sa\u011flam Temel<\/h2>\t\t\t\t<\/div>\n\t\t\t\t<\/div>\n\t\t\t\t<div class=\"elementor-element elementor-element-38ac40b elementor-widget-divider--view-line elementor-widget elementor-widget-divider\" data-id=\"38ac40b\" data-element_type=\"widget\" data-e-type=\"widget\" data-widget_type=\"divider.default\">\n\t\t\t\t<div class=\"elementor-widget-container\">\n\t\t\t\t\t\t\t<div class=\"elementor-divider\">\n\t\t\t<span class=\"elementor-divider-separator\">\n\t\t\t\t\t\t<\/span>\n\t\t<\/div>\n\t\t\t\t\t\t<\/div>\n\t\t\t\t<\/div>\n\t\t\t\t<div class=\"elementor-element elementor-element-82564aa elementor-widget elementor-widget-text-editor\" data-id=\"82564aa\" data-element_type=\"widget\" data-e-type=\"widget\" data-widget_type=\"text-editor.default\">\n\t\t\t\t<div class=\"elementor-widget-container\">\n\t\t\t\t\t\t\t\t\t<p>Akademik ba\u015far\u0131y\u0131 tesad\u00fcfe b\u0131rakmay\u0131z.<br \/>Kavram temelli \u00f6\u011fretimle g\u00fc\u00e7l\u00fc bir akademik zemin olu\u015fturur,<br \/>\u00f6\u011frenciyi s\u0131navlara bilin\u00e7li ve dengeli bi\u00e7imde haz\u0131rlar\u0131z.<\/p>\t\t\t\t\t\t\t\t<\/div>\n\t\t\t\t<\/div>\n\t\t\t\t<div class=\"elementor-element elementor-element-ed81be4 elementor-widget elementor-widget-heading\" data-id=\"ed81be4\" data-element_type=\"widget\" data-e-type=\"widget\" data-widget_type=\"heading.default\">\n\t\t\t\t<div class=\"elementor-widget-container\">\n\t\t\t\t\t<h2 class=\"elementor-heading-title elementor-size-default\">B\u00fct\u00fcnle\u015fme<\/h2>\t\t\t\t<\/div>\n\t\t\t\t<\/div>\n\t\t\t\t<div class=\"elementor-element elementor-element-b34b84e elementor-widget-divider--view-line elementor-widget elementor-widget-divider\" data-id=\"b34b84e\" data-element_type=\"widget\" data-e-type=\"widget\" data-widget_type=\"divider.default\">\n\t\t\t\t<div class=\"elementor-widget-container\">\n\t\t\t\t\t\t\t<div class=\"elementor-divider\">\n\t\t\t<span class=\"elementor-divider-separator\">\n\t\t\t\t\t\t<\/span>\n\t\t<\/div>\n\t\t\t\t\t\t<\/div>\n\t\t\t\t<\/div>\n\t\t\t\t<div class=\"elementor-element elementor-element-9764e28 elementor-widget elementor-widget-text-editor\" data-id=\"9764e28\" data-element_type=\"widget\" data-e-type=\"widget\" data-widget_type=\"text-editor.default\">\n\t\t\t\t<div class=\"elementor-widget-container\">\n\t\t\t\t\t\t\t\t\t<p>Bilginin beceriyle birle\u015fmesini sa\u011flar\u0131z.<br \/>\u00d6\u011frencinin \u00f6\u011frendiklerini hayata aktarmas\u0131n\u0131, \u00fcretmesini ve sunmas\u0131n\u0131 destekleriz<\/p>\t\t\t\t\t\t\t\t<\/div>\n\t\t\t\t<\/div>\n\t\t\t\t\t<\/div>\n\t\t<\/div>\n\t\t\t\t<div class=\"elementor-column elementor-col-50 elementor-inner-column elementor-element elementor-element-d800c57 elementor-invisible\" data-id=\"d800c57\" data-element_type=\"column\" data-e-type=\"column\" data-settings=\"{&quot;animation&quot;:&quot;fadeInRight&quot;,&quot;mdp_selection_sticky_column_effect_enable&quot;:false}\">\n\t\t\t<div class=\"elementor-widget-wrap elementor-element-populated\">\n\t\t\t\t\t\t<div class=\"elementor-element elementor-element-821e6a6 elementor-widget elementor-widget-image\" data-id=\"821e6a6\" data-element_type=\"widget\" data-e-type=\"widget\" data-widget_type=\"image.default\">\n\t\t\t\t<div class=\"elementor-widget-container\">\n\t\t\t\t\t\t\t\t\t\t\t\t\t\t\t<img decoding=\"async\" width=\"2560\" height=\"1707\" src=\"https:\/\/peronmedya.com\/liderokullari\/wp-content\/uploads\/2025\/12\/high-angle-little-boy-reading1-scaled.jpg\" class=\"attachment-full size-full wp-image-2113\" alt=\"\" srcset=\"https:\/\/peronmedya.com\/liderokullari\/wp-content\/uploads\/2025\/12\/high-angle-little-boy-reading1-scaled.jpg 2560w, https:\/\/peronmedya.com\/liderokullari\/wp-content\/uploads\/2025\/12\/high-angle-little-boy-reading1-300x200.jpg 300w, https:\/\/peronmedya.com\/liderokullari\/wp-content\/uploads\/2025\/12\/high-angle-little-boy-reading1-1024x683.jpg 1024w, https:\/\/peronmedya.com\/liderokullari\/wp-content\/uploads\/2025\/12\/high-angle-little-boy-reading1-768x512.jpg 768w, https:\/\/peronmedya.com\/liderokullari\/wp-content\/uploads\/2025\/12\/high-angle-little-boy-reading1-1536x1024.jpg 1536w, https:\/\/peronmedya.com\/liderokullari\/wp-content\/uploads\/2025\/12\/high-angle-little-boy-reading1-2048x1366.jpg 2048w\" sizes=\"(max-width: 2560px) 100vw, 2560px\" \/>\t\t\t\t\t\t\t\t\t\t\t\t\t\t\t<\/div>\n\t\t\t\t<\/div>\n\t\t\t\t\t<\/div>\n\t\t<\/div>\n\t\t\t\t\t<\/div>\n\t\t<\/section>\n\t\t\t\t\t<\/div>\n\t\t<\/div>\n\t\t\t\t\t<\/div>\n\t\t<\/section>\n\t\t<div class=\"elementor-element elementor-element-38087c7 e-flex e-con-boxed e-con e-parent\" data-id=\"38087c7\" data-element_type=\"container\" data-e-type=\"container\">\n\t\t\t\t\t<div class=\"e-con-inner\">\n\t\t<div class=\"elementor-element elementor-element-f770389 e-con-full e-flex e-con e-child\" data-id=\"f770389\" data-element_type=\"container\" data-e-type=\"container\">\n\t\t\t\t<div class=\"elementor-element elementor-element-6cb5596 elementor-widget elementor-widget-heading\" data-id=\"6cb5596\" data-element_type=\"widget\" data-e-type=\"widget\" data-widget_type=\"heading.default\">\n\t\t\t\t<div class=\"elementor-widget-container\">\n\t\t\t\t\t<h2 class=\"elementor-heading-title elementor-size-default\">Dil, Beceri ve Ya\u015famla Ba\u011flant\u0131<\/h2>\t\t\t\t<\/div>\n\t\t\t\t<\/div>\n\t\t\t\t<div class=\"elementor-element elementor-element-122cd24 elementor-widget elementor-widget-text-editor\" data-id=\"122cd24\" data-element_type=\"widget\" data-e-type=\"widget\" data-widget_type=\"text-editor.default\">\n\t\t\t\t<div class=\"elementor-widget-container\">\n\t\t\t\t\t\t\t\t\t<p>Ayd\u0131n Lider Okullar\u0131\u2019nda \u0130ngilizce bir ders de\u011fil, <strong>bir ileti\u015fim ve \u00fcretim arac\u0131d\u0131r.<\/strong><br \/>\u00d6\u011frenciler \u0130ngilizceyi \u00f6\u011frenmez;<strong> \u0130ngilizce ile \u00f6\u011frenir<\/strong>.<br \/><br \/>Proje tabanl\u0131 \u00e7al\u0131\u015fmalar, disiplinler aras\u0131 yakla\u015f\u0131mlar ve beceri temelli uygulamalarla;<br \/>\u00f6\u011frencilerimizi sadece akademik olarak de\u011fil,<br \/><strong>hayata haz\u0131r<\/strong> bireyler olarak yeti\u015ftiririz.<\/p>\t\t\t\t\t\t\t\t<\/div>\n\t\t\t\t<\/div>\n\t\t\t\t<\/div>\n\t\t<div class=\"elementor-element elementor-element-535d3f8 e-con-full e-flex e-con e-child\" data-id=\"535d3f8\" data-element_type=\"container\" data-e-type=\"container\">\n\t\t\t\t<div class=\"elementor-element elementor-element-1245ab8 elementor-widget elementor-widget-heading\" data-id=\"1245ab8\" data-element_type=\"widget\" data-e-type=\"widget\" data-widget_type=\"heading.default\">\n\t\t\t\t<div class=\"elementor-widget-container\">\n\t\t\t\t\t<h2 class=\"elementor-heading-title elementor-size-default\">\u00d6l\u00e7en, \u0130zleyen ve Geli\u015ftiren Sistem\n<\/h2>\t\t\t\t<\/div>\n\t\t\t\t<\/div>\n\t\t\t\t<div class=\"elementor-element elementor-element-1747630 elementor-widget elementor-widget-text-editor\" data-id=\"1747630\" data-element_type=\"widget\" data-e-type=\"widget\" data-widget_type=\"text-editor.default\">\n\t\t\t\t<div class=\"elementor-widget-container\">\n\t\t\t\t\t\t\t\t\t<p>E\u011fitim felsefemizin vazge\u00e7ilmez par\u00e7as\u0131 \u00f6l\u00e7me ve geri bildirimdir.<br \/>Ayd\u0131n Lider Okullar\u0131\u2019nda de\u011ferlendirme;<\/p><ul><li>Not odakl\u0131 de\u011fil,<\/li><li>Geli\u015fim odakl\u0131d\u0131r.<\/li><\/ul><p>Akademik geli\u015fimden sosyal-duygusal becerilere,<br \/>dil kullan\u0131m\u0131ndan \u00f6\u011frenme disiplinine kadar her alan d\u00fczenli olarak izlenir.<br \/>Ama\u00e7; \u00f6\u011frenciyi etiketlemek de\u011fil, <strong>do\u011fru y\u00f6nlendirmektir.<\/strong><\/p>\t\t\t\t\t\t\t\t<\/div>\n\t\t\t\t<\/div>\n\t\t\t\t<\/div>\n\t\t\t\t\t<\/div>\n\t\t\t\t<\/div>\n\t\t<div class=\"elementor-element elementor-element-50fe20a e-flex e-con-boxed e-con e-parent\" data-id=\"50fe20a\" data-element_type=\"container\" data-e-type=\"container\">\n\t\t\t\t\t<div class=\"e-con-inner\">\n\t\t<div class=\"elementor-element elementor-element-899e4df e-con-full e-flex e-con e-child\" data-id=\"899e4df\" data-element_type=\"container\" data-e-type=\"container\">\n\t\t<div class=\"elementor-element elementor-element-79dc0cf e-con-full e-flex e-con e-child\" data-id=\"79dc0cf\" data-element_type=\"container\" data-e-type=\"container\">\n\t\t<div class=\"elementor-element elementor-element-ef1b58b e-con-full e-flex elementor-invisible e-con e-child\" data-id=\"ef1b58b\" data-element_type=\"container\" data-e-type=\"container\" data-settings=\"{&quot;animation&quot;:&quot;fadeInRight&quot;}\">\n\t\t\t\t<div class=\"elementor-element elementor-element-f6372f7 elementor-widget elementor-widget-heading\" data-id=\"f6372f7\" data-element_type=\"widget\" data-e-type=\"widget\" data-widget_type=\"heading.default\">\n\t\t\t\t<div class=\"elementor-widget-container\">\n\t\t\t\t\t<h2 class=\"elementor-heading-title elementor-size-default\">Gelece\u011fe Haz\u0131rlayan E\u011fitim<\/h2>\t\t\t\t<\/div>\n\t\t\t\t<\/div>\n\t\t\t\t<div class=\"elementor-element elementor-element-6223160 elementor-widget-divider--view-line elementor-widget elementor-widget-divider\" data-id=\"6223160\" data-element_type=\"widget\" data-e-type=\"widget\" data-widget_type=\"divider.default\">\n\t\t\t\t<div class=\"elementor-widget-container\">\n\t\t\t\t\t\t\t<div class=\"elementor-divider\">\n\t\t\t<span class=\"elementor-divider-separator\">\n\t\t\t\t\t\t<\/span>\n\t\t<\/div>\n\t\t\t\t\t\t<\/div>\n\t\t\t\t<\/div>\n\t\t\t\t<div class=\"elementor-element elementor-element-2c3e5fa elementor-widget elementor-widget-text-editor\" data-id=\"2c3e5fa\" data-element_type=\"widget\" data-e-type=\"widget\" data-widget_type=\"text-editor.default\">\n\t\t\t\t<div class=\"elementor-widget-container\">\n\t\t\t\t\t\t\t\t\t<p>Bizler;<br \/>\u00f6\u011frencilerimizi yaln\u0131zca bug\u00fcn\u00fcn de\u011fil, <strong>yar\u0131n\u0131n d\u00fcnyas\u0131na<\/strong> haz\u0131rlamakla sorumlu oldu\u011fumuzu biliyoruz.<\/p><p>Bu nedenle Ayd\u0131n Lider Okullar\u0131\u2019nda e\u011fitim;<\/p><ul><li>Merak eden,<\/li><li>Sorgulayan,<\/li><li>Kendini ifade edebilen,<\/li><li>\u00d6\u011frendiklerini hayata aktarabilen,<\/li><li>Dil bilen, d\u00fc\u015f\u00fcnebilen ve \u00fcretebilen bireyler yeti\u015ftirmeyi hedefler.<\/li><\/ul><p><strong>Ayd\u0131n Lider Okullar\u0131\u2019nda \u00e7ocuklar;<\/strong><br \/><strong>Ke\u015ffeder, sa\u011flam temellerle \u00f6\u011frenir ve \u00f6\u011frendiklerini hayata d\u00f6n\u00fc\u015ft\u00fcr\u00fcr.<\/strong><\/p>\t\t\t\t\t\t\t\t<\/div>\n\t\t\t\t<\/div>\n\t\t\t\t<\/div>\n\t\t<div class=\"elementor-element elementor-element-0efae21 e-con-full e-flex elementor-invisible e-con e-child\" data-id=\"0efae21\" data-element_type=\"container\" data-e-type=\"container\" data-settings=\"{&quot;animation&quot;:&quot;fadeInLeft&quot;}\">\n\t\t\t\t<div class=\"elementor-element elementor-element-e185f0c elementor-widget elementor-widget-image\" data-id=\"e185f0c\" data-element_type=\"widget\" data-e-type=\"widget\" data-widget_type=\"image.default\">\n\t\t\t\t<div class=\"elementor-widget-container\">\n\t\t\t\t\t\t\t\t\t\t\t\t\t\t\t<img loading=\"lazy\" decoding=\"async\" width=\"1197\" height=\"800\" src=\"https:\/\/peronmedya.com\/liderokullari\/wp-content\/uploads\/2025\/10\/lider-okullari-satranc-1197x800-1.jpg\" class=\"attachment-full size-full wp-image-524\" alt=\"\" srcset=\"https:\/\/peronmedya.com\/liderokullari\/wp-content\/uploads\/2025\/10\/lider-okullari-satranc-1197x800-1.jpg 1197w, https:\/\/peronmedya.com\/liderokullari\/wp-content\/uploads\/2025\/10\/lider-okullari-satranc-1197x800-1-300x201.jpg 300w, https:\/\/peronmedya.com\/liderokullari\/wp-content\/uploads\/2025\/10\/lider-okullari-satranc-1197x800-1-1024x684.jpg 1024w, https:\/\/peronmedya.com\/liderokullari\/wp-content\/uploads\/2025\/10\/lider-okullari-satranc-1197x800-1-768x513.jpg 768w\" sizes=\"(max-width: 1197px) 100vw, 1197px\" \/>\t\t\t\t\t\t\t\t\t\t\t\t\t\t\t<\/div>\n\t\t\t\t<\/div>\n\t\t\t\t<div class=\"elementor-element elementor-element-c9d5881 animated-slow elementor-widget__width-initial elementor-absolute elementor-position-top elementor-invisible elementor-widget elementor-widget-image-box\" data-id=\"c9d5881\" data-element_type=\"widget\" data-e-type=\"widget\" data-settings=\"{&quot;_animation&quot;:&quot;fadeInRight&quot;,&quot;_position&quot;:&quot;absolute&quot;}\" data-widget_type=\"image-box.default\">\n\t\t\t\t<div class=\"elementor-widget-container\">\n\t\t\t\t\t<div class=\"elementor-image-box-wrapper\"><figure class=\"elementor-image-box-img\"><img loading=\"lazy\" decoding=\"async\" width=\"128\" height=\"99\" src=\"https:\/\/peronmedya.com\/liderokullari\/wp-content\/uploads\/2024\/03\/liderokullari.logo_.png\" class=\"attachment-full size-full wp-image-74\" alt=\"\" \/><\/figure><\/div>\t\t\t\t<\/div>\n\t\t\t\t<\/div>\n\t\t\t\t<\/div>\n\t\t\t\t<\/div>\n\t\t\t\t<\/div>\n\t\t\t\t\t<\/div>\n\t\t\t\t<\/div>\n\t\t\t\t<\/div>\n\t\t","protected":false},"excerpt":{"rendered":"<p>\u201cLider NextGen E\u011fitim Modeli\u201d \u00d6\u011frencilerin yaln\u0131zca akademik bilgiyle de\u011fil; ele\u015ftirel d\u00fc\u015f\u00fcnme, problem \u00e7\u00f6zme, ileti\u015fim, etik liderlik ve k\u00fcresel fark\u0131ndal\u0131k becerileriyle donat\u0131lmas\u0131n\u0131 ama\u00e7layan, \u00f6\u011frenci merkezli ve yetkinlik temelli bir e\u011fitim yakla\u015f\u0131m\u0131d\u0131r. Model; de\u011fi\u015fen d\u00fcnya ko\u015fullar\u0131na uyum sa\u011flayabilen, sorumluluk alan ve y\u00f6n verebilen bireyler yeti\u015ftirmeyi hedefler. \u201cBug\u00fcn\u00fcn \u00f6\u011frencileri, yar\u0131n\u0131n liderleri.\u201d L-NEXT Lider Okullar\u0131 E\u011fitim Felsefemiz Ayd\u0131n Lider [&hellip;]<\/p>\n","protected":false},"author":3,"featured_media":0,"parent":0,"menu_order":0,"comment_status":"closed","ping_status":"closed","template":"","meta":{"footnotes":""},"class_list":["post-2184","page","type-page","status-publish","hentry"],"_links":{"self":[{"href":"https:\/\/peronmedya.com\/liderokullari\/wp-json\/wp\/v2\/pages\/2184","targetHints":{"allow":["GET"]}}],"collection":[{"href":"https:\/\/peronmedya.com\/liderokullari\/wp-json\/wp\/v2\/pages"}],"about":[{"href":"https:\/\/peronmedya.com\/liderokullari\/wp-json\/wp\/v2\/types\/page"}],"author":[{"embeddable":true,"href":"https:\/\/peronmedya.com\/liderokullari\/wp-json\/wp\/v2\/users\/3"}],"replies":[{"embeddable":true,"href":"https:\/\/peronmedya.com\/liderokullari\/wp-json\/wp\/v2\/comments?post=2184"}],"version-history":[{"count":28,"href":"https:\/\/peronmedya.com\/liderokullari\/wp-json\/wp\/v2\/pages\/2184\/revisions"}],"predecessor-version":[{"id":3690,"href":"https:\/\/peronmedya.com\/liderokullari\/wp-json\/wp\/v2\/pages\/2184\/revisions\/3690"}],"wp:attachment":[{"href":"https:\/\/peronmedya.com\/liderokullari\/wp-json\/wp\/v2\/media?parent=2184"}],"curies":[{"name":"wp","href":"https:\/\/api.w.org\/{rel}","templated":true}]}}