{"id":2409,"date":"2026-01-30T11:30:41","date_gmt":"2026-01-30T11:30:41","guid":{"rendered":"https:\/\/peronmedya.com\/liderokullari\/?page_id=2409"},"modified":"2026-02-11T08:51:14","modified_gmt":"2026-02-11T08:51:14","slug":"neden-lider-okullari","status":"publish","type":"page","link":"https:\/\/peronmedya.com\/liderokullari\/neden-lider-okullari\/","title":{"rendered":"Neden Lider Okullar\u0131?"},"content":{"rendered":"\t\t<div data-elementor-type=\"wp-page\" data-elementor-id=\"2409\" class=\"elementor elementor-2409\" data-elementor-post-type=\"page\">\n\t\t\t\t<div class=\"elementor-element elementor-element-2a1f8e4 e-flex e-con-boxed e-con e-parent\" data-id=\"2a1f8e4\" data-element_type=\"container\" data-e-type=\"container\">\n\t\t\t\t\t<div class=\"e-con-inner\">\n\t\t<div class=\"elementor-element elementor-element-87056d8 e-con-full e-flex e-con e-child\" data-id=\"87056d8\" data-element_type=\"container\" data-e-type=\"container\">\n\t\t\t\t<div class=\"elementor-element elementor-element-3c1dc17 elementor-widget elementor-widget-heading\" data-id=\"3c1dc17\" data-element_type=\"widget\" data-e-type=\"widget\" data-widget_type=\"heading.default\">\n\t\t\t\t<div class=\"elementor-widget-container\">\n\t\t\t\t\t<h2 class=\"elementor-heading-title elementor-size-default\">Neden Lider Okullar\u0131 ?<\/h2>\t\t\t\t<\/div>\n\t\t\t\t<\/div>\n\t\t<div class=\"elementor-element elementor-element-78017a1 e-con-full e-flex e-con e-child\" data-id=\"78017a1\" data-element_type=\"container\" data-e-type=\"container\">\n\t\t<div class=\"elementor-element elementor-element-9387a1c e-con-full e-flex elementor-invisible e-con e-child\" data-id=\"9387a1c\" data-element_type=\"container\" data-e-type=\"container\" data-settings=\"{&quot;animation&quot;:&quot;fadeInLeft&quot;}\">\n\t\t\t\t<div class=\"elementor-element elementor-element-0bdc8ff elementor-widget elementor-widget-text-editor\" data-id=\"0bdc8ff\" data-element_type=\"widget\" data-e-type=\"widget\" data-widget_type=\"text-editor.default\">\n\t\t\t\t<div class=\"elementor-widget-container\">\n\t\t\t\t\t\t\t\t\t<p>Lider Okullar\u0131, K-12 b\u00fct\u00fcnl\u00fc\u011f\u00fcnde anaokulundan ortaokul sonuna kadar uzanan; birbiriyle ili\u015fkili, entegre ve s\u00fcrd\u00fcr\u00fclebilir bir e\u011fitim-\u00f6\u011fretim anlay\u0131\u015f\u0131 sunar. Bu yap\u0131, \u00f6\u011frencilerimize e\u011fitim hayatlar\u0131 boyunca s\u00fcreklilik, tutarl\u0131l\u0131k ve g\u00fcvenli bir akademik yolculuk sa\u011flar.<\/p><p>Bilim, k\u00fclt\u00fcr, sanat ve sporu e\u015fit \u00f6nemde ele alan \u00f6zg\u00fcn e\u011fitim program\u0131m\u0131z; proje temelli \u00e7al\u0131\u015fmalar ve elde edilen ulusal ve uluslararas\u0131 ba\u015far\u0131larla desteklenmektedir. \u00d6\u011frencilerimiz, akademik geli\u015fimlerinin yan\u0131 s\u0131ra sanatsal, sportif ve sosyal alanlarda da kendilerini ke\u015ffetme ve geli\u015ftirme f\u0131rsat\u0131 bulur.<\/p><p>D\u00fcnyan\u0131n en g\u00fc\u00e7l\u00fc ve uluslararas\u0131 ge\u00e7erlili\u011fi en y\u00fcksek dillerinden biri olan \u0130ngilizce, k\u00fc\u00e7\u00fck ya\u015flardan itibaren etkili, kal\u0131c\u0131 ve ileti\u015fim temelli \u00f6\u011frenme modeliyle \u00f6\u011frencilerimize kazand\u0131r\u0131lmaktad\u0131r. Modern e\u011fitim teknolojileriyle desteklenen programlar\u0131m\u0131z; \u00f6\u011frencilerimizin \u00e7a\u011f\u0131n gerektirdi\u011fi akademik, dijital ve ele\u015ftirel d\u00fc\u015f\u00fcnme becerileriyle donanmas\u0131n\u0131 hedefler.<\/p><p class=\"p1\">Lider Okullar\u0131, Cumhuriyet de\u011ferlerine ve Atat\u00fcrk ilke ve ink\u0131laplar\u0131na ba\u011fl\u0131 bireyler yeti\u015ftirmeyi temel bir sorumluluk olarak g\u00f6r\u00fcr. G\u00fc\u00e7l\u00fc kurumsal yap\u0131s\u0131; ileti\u015fime a\u00e7\u0131k, sorgulayan, yenili\u011fi benimseyen ve s\u00fcrekli geli\u015fimi esas alan bir y\u00f6netim anlay\u0131\u015f\u0131yla desteklenmektedir.<\/p>\t\t\t\t\t\t\t\t<\/div>\n\t\t\t\t<\/div>\n\t\t\t\t<\/div>\n\t\t<div class=\"elementor-element elementor-element-5d59094 e-con-full e-flex elementor-invisible e-con e-child\" data-id=\"5d59094\" data-element_type=\"container\" data-e-type=\"container\" data-settings=\"{&quot;animation&quot;:&quot;fadeInRight&quot;}\">\n\t\t\t\t<div class=\"elementor-element elementor-element-5219e20 elementor-widget elementor-widget-image\" data-id=\"5219e20\" data-element_type=\"widget\" data-e-type=\"widget\" data-widget_type=\"image.default\">\n\t\t\t\t<div class=\"elementor-widget-container\">\n\t\t\t\t\t\t\t\t\t\t\t\t\t\t\t<img fetchpriority=\"high\" decoding=\"async\" width=\"1920\" height=\"1080\" src=\"https:\/\/peronmedya.com\/liderokullari\/wp-content\/uploads\/2025\/10\/lider-okullari-video-preview.png\" class=\"attachment-full size-full wp-image-737\" alt=\"\" srcset=\"https:\/\/peronmedya.com\/liderokullari\/wp-content\/uploads\/2025\/10\/lider-okullari-video-preview.png 1920w, https:\/\/peronmedya.com\/liderokullari\/wp-content\/uploads\/2025\/10\/lider-okullari-video-preview-300x169.png 300w, https:\/\/peronmedya.com\/liderokullari\/wp-content\/uploads\/2025\/10\/lider-okullari-video-preview-1024x576.png 1024w, https:\/\/peronmedya.com\/liderokullari\/wp-content\/uploads\/2025\/10\/lider-okullari-video-preview-768x432.png 768w, https:\/\/peronmedya.com\/liderokullari\/wp-content\/uploads\/2025\/10\/lider-okullari-video-preview-1536x864.png 1536w\" sizes=\"(max-width: 1920px) 100vw, 1920px\" \/>\t\t\t\t\t\t\t\t\t\t\t\t\t\t\t<\/div>\n\t\t\t\t<\/div>\n\t\t\t\t<\/div>\n\t\t\t\t<\/div>\n\t\t\t\t<div class=\"elementor-element elementor-element-47f36bb elementor-widget elementor-widget-text-editor\" data-id=\"47f36bb\" data-element_type=\"widget\" data-e-type=\"widget\" data-widget_type=\"text-editor.default\">\n\t\t\t\t<div class=\"elementor-widget-container\">\n\t\t\t\t\t\t\t\t\t<p class=\"p1\">Teknolojiyle donat\u0131lm\u0131\u015f modern kamp\u00fcslerimiz ve g\u00fc\u00e7l\u00fc altyap\u0131m\u0131z, g\u00fcvenli ve nitelikli bir e\u011fitim ortam\u0131 sunar. Ulusal ve uluslararas\u0131 s\u0131navlardaki ba\u015far\u0131lar\u0131m\u0131z, akademik yakla\u015f\u0131m\u0131m\u0131z\u0131n somut bir g\u00f6stergesidir. Sosyal sorumluluk bilinci y\u00fcksek kurumsal k\u00fclt\u00fcr\u00fcm\u00fczle Lider Okullar\u0131; \u00f6\u011frencilerimizin yaln\u0131zca akademik olarak de\u011fil, sosyal ve duygusal a\u00e7\u0131dan da geli\u015fmelerini destekleyerek mutlu, \u00f6zg\u00fcvenli ve sorumluluk sahibi bireyler yeti\u015ftirmeyi ama\u00e7lar.<\/p><p class=\"p1\">Lider Okullar\u0131, \u00f6\u011frencilerini yaln\u0131zca bug\u00fcne de\u011fil, gelece\u011fe haz\u0131rlar.<\/p>\t\t\t\t\t\t\t\t<\/div>\n\t\t\t\t<\/div>\n\t\t\t\t<\/div>\n\t\t\t\t\t<\/div>\n\t\t\t\t<\/div>\n\t\t\t\t<\/div>\n\t\t","protected":false},"excerpt":{"rendered":"<p>Neden Lider Okullar\u0131 ? Lider Okullar\u0131, K-12 b\u00fct\u00fcnl\u00fc\u011f\u00fcnde anaokulundan ortaokul sonuna kadar uzanan; birbiriyle ili\u015fkili, entegre ve s\u00fcrd\u00fcr\u00fclebilir bir e\u011fitim-\u00f6\u011fretim anlay\u0131\u015f\u0131 sunar. Bu yap\u0131, \u00f6\u011frencilerimize e\u011fitim hayatlar\u0131 boyunca s\u00fcreklilik, tutarl\u0131l\u0131k ve g\u00fcvenli bir akademik yolculuk sa\u011flar. Bilim, k\u00fclt\u00fcr, sanat ve sporu e\u015fit \u00f6nemde ele alan \u00f6zg\u00fcn e\u011fitim program\u0131m\u0131z; proje temelli \u00e7al\u0131\u015fmalar ve elde edilen ulusal [&hellip;]<\/p>\n","protected":false},"author":3,"featured_media":0,"parent":0,"menu_order":0,"comment_status":"closed","ping_status":"closed","template":"","meta":{"footnotes":""},"class_list":["post-2409","page","type-page","status-publish","hentry"],"_links":{"self":[{"href":"https:\/\/peronmedya.com\/liderokullari\/wp-json\/wp\/v2\/pages\/2409","targetHints":{"allow":["GET"]}}],"collection":[{"href":"https:\/\/peronmedya.com\/liderokullari\/wp-json\/wp\/v2\/pages"}],"about":[{"href":"https:\/\/peronmedya.com\/liderokullari\/wp-json\/wp\/v2\/types\/page"}],"author":[{"embeddable":true,"href":"https:\/\/peronmedya.com\/liderokullari\/wp-json\/wp\/v2\/users\/3"}],"replies":[{"embeddable":true,"href":"https:\/\/peronmedya.com\/liderokullari\/wp-json\/wp\/v2\/comments?post=2409"}],"version-history":[{"count":22,"href":"https:\/\/peronmedya.com\/liderokullari\/wp-json\/wp\/v2\/pages\/2409\/revisions"}],"predecessor-version":[{"id":3741,"href":"https:\/\/peronmedya.com\/liderokullari\/wp-json\/wp\/v2\/pages\/2409\/revisions\/3741"}],"wp:attachment":[{"href":"https:\/\/peronmedya.com\/liderokullari\/wp-json\/wp\/v2\/media?parent=2409"}],"curies":[{"name":"wp","href":"https:\/\/api.w.org\/{rel}","templated":true}]}}