{"id":2507,"date":"2026-02-04T07:11:46","date_gmt":"2026-02-04T07:11:46","guid":{"rendered":"https:\/\/peronmedya.com\/liderokullari\/?page_id=2507"},"modified":"2026-02-11T08:44:26","modified_gmt":"2026-02-11T08:44:26","slug":"guvenlik-hizmetleri","status":"publish","type":"page","link":"https:\/\/peronmedya.com\/liderokullari\/guvenlik-hizmetleri\/","title":{"rendered":"G\u00fcvenlik Hizmetleri"},"content":{"rendered":"\t\t<div data-elementor-type=\"wp-page\" data-elementor-id=\"2507\" class=\"elementor elementor-2507\" data-elementor-post-type=\"page\">\n\t\t\t\t<div class=\"elementor-element elementor-element-6e982d7 e-flex e-con-boxed e-con e-parent\" data-id=\"6e982d7\" data-element_type=\"container\" data-e-type=\"container\">\n\t\t\t\t\t<div class=\"e-con-inner\">\n\t\t<div class=\"elementor-element elementor-element-e1fcbc7 e-con-full e-flex e-con e-child\" data-id=\"e1fcbc7\" data-element_type=\"container\" data-e-type=\"container\">\n\t\t<div class=\"elementor-element elementor-element-bb27106 e-con-full e-flex e-con e-child\" data-id=\"bb27106\" data-element_type=\"container\" data-e-type=\"container\">\n\t\t<div class=\"elementor-element elementor-element-ed6a6f6 e-con-full e-flex elementor-invisible e-con e-child\" data-id=\"ed6a6f6\" data-element_type=\"container\" data-e-type=\"container\" data-settings=\"{&quot;animation&quot;:&quot;fadeInRight&quot;}\">\n\t\t\t\t<div class=\"elementor-element elementor-element-833d37a elementor-widget elementor-widget-heading\" data-id=\"833d37a\" data-element_type=\"widget\" data-e-type=\"widget\" data-widget_type=\"heading.default\">\n\t\t\t\t<div class=\"elementor-widget-container\">\n\t\t\t\t\t<h2 class=\"elementor-heading-title elementor-size-default\">G\u00fcvenlik Hizmetleri<\/h2>\t\t\t\t<\/div>\n\t\t\t\t<\/div>\n\t\t\t\t<div class=\"elementor-element elementor-element-eafd770 elementor-widget-divider--view-line elementor-widget elementor-widget-divider\" data-id=\"eafd770\" data-element_type=\"widget\" data-e-type=\"widget\" data-widget_type=\"divider.default\">\n\t\t\t\t<div class=\"elementor-widget-container\">\n\t\t\t\t\t\t\t<div class=\"elementor-divider\">\n\t\t\t<span class=\"elementor-divider-separator\">\n\t\t\t\t\t\t<\/span>\n\t\t<\/div>\n\t\t\t\t\t\t<\/div>\n\t\t\t\t<\/div>\n\t\t\t\t<div class=\"elementor-element elementor-element-b852ffa elementor-widget elementor-widget-text-editor\" data-id=\"b852ffa\" data-element_type=\"widget\" data-e-type=\"widget\" data-widget_type=\"text-editor.default\">\n\t\t\t\t<div class=\"elementor-widget-container\">\n\t\t\t\t\t\t\t\t\t<p class=\"p1\">Lider Okullar\u0131\u2019nda \u00f6\u011frenci ve personel g\u00fcvenli\u011fi, profesyonel g\u00fcvenlik ekipleri ve teknolojik izleme sistemleri ile kesintisiz olarak sa\u011flanmaktad\u0131r. Okul yerle\u015fkesine giri\u015f ve \u00e7\u0131k\u0131\u015flar kontroll\u00fc bir \u015fekilde ger\u00e7ekle\u015ftirilerek, \u00f6\u011frencilerimizin kendilerini g\u00fcvende hissedecekleri bir e\u011fitim ortam\u0131 olu\u015fturulmaktad\u0131r. G\u00fcvenlik uygulamalar\u0131m\u0131z, kamp\u00fcs genelinde d\u00fczenli olarak denetlenmekte ve g\u00fcncel ihtiya\u00e7lara g\u00f6re s\u00fcrekli geli\u015ftirilmektedir.<\/p>\t\t\t\t\t\t\t\t<\/div>\n\t\t\t\t<\/div>\n\t\t\t\t<\/div>\n\t\t<div class=\"elementor-element elementor-element-b934d9d e-con-full e-flex elementor-invisible e-con e-child\" data-id=\"b934d9d\" data-element_type=\"container\" data-e-type=\"container\" data-settings=\"{&quot;animation&quot;:&quot;fadeInLeft&quot;}\">\n\t\t\t\t<div class=\"elementor-element elementor-element-2e4cb45 elementor-widget elementor-widget-image\" data-id=\"2e4cb45\" data-element_type=\"widget\" data-e-type=\"widget\" data-widget_type=\"image.default\">\n\t\t\t\t<div class=\"elementor-widget-container\">\n\t\t\t\t\t\t\t\t\t\t\t\t\t\t\t<img fetchpriority=\"high\" decoding=\"async\" width=\"1920\" height=\"1080\" src=\"https:\/\/peronmedya.com\/liderokullari\/wp-content\/uploads\/2024\/03\/6196-0-lider-okullari-aydin.jpeg\" class=\"attachment-full size-full wp-image-421\" alt=\"\" srcset=\"https:\/\/peronmedya.com\/liderokullari\/wp-content\/uploads\/2024\/03\/6196-0-lider-okullari-aydin.jpeg 1920w, https:\/\/peronmedya.com\/liderokullari\/wp-content\/uploads\/2024\/03\/6196-0-lider-okullari-aydin-300x169.jpeg 300w, https:\/\/peronmedya.com\/liderokullari\/wp-content\/uploads\/2024\/03\/6196-0-lider-okullari-aydin-1024x576.jpeg 1024w, https:\/\/peronmedya.com\/liderokullari\/wp-content\/uploads\/2024\/03\/6196-0-lider-okullari-aydin-768x432.jpeg 768w, https:\/\/peronmedya.com\/liderokullari\/wp-content\/uploads\/2024\/03\/6196-0-lider-okullari-aydin-1536x864.jpeg 1536w\" sizes=\"(max-width: 1920px) 100vw, 1920px\" \/>\t\t\t\t\t\t\t\t\t\t\t\t\t\t\t<\/div>\n\t\t\t\t<\/div>\n\t\t\t\t<\/div>\n\t\t\t\t<\/div>\n\t\t\t\t<\/div>\n\t\t\t\t\t<\/div>\n\t\t\t\t<\/div>\n\t\t\t\t<\/div>\n\t\t","protected":false},"excerpt":{"rendered":"<p>G\u00fcvenlik Hizmetleri Lider Okullar\u0131\u2019nda \u00f6\u011frenci ve personel g\u00fcvenli\u011fi, profesyonel g\u00fcvenlik ekipleri ve teknolojik izleme sistemleri ile kesintisiz olarak sa\u011flanmaktad\u0131r. Okul yerle\u015fkesine giri\u015f ve \u00e7\u0131k\u0131\u015flar kontroll\u00fc bir \u015fekilde ger\u00e7ekle\u015ftirilerek, \u00f6\u011frencilerimizin kendilerini g\u00fcvende hissedecekleri bir e\u011fitim ortam\u0131 olu\u015fturulmaktad\u0131r. G\u00fcvenlik uygulamalar\u0131m\u0131z, kamp\u00fcs genelinde d\u00fczenli olarak denetlenmekte ve g\u00fcncel ihtiya\u00e7lara g\u00f6re s\u00fcrekli geli\u015ftirilmektedir.<\/p>\n","protected":false},"author":3,"featured_media":0,"parent":0,"menu_order":0,"comment_status":"closed","ping_status":"closed","template":"","meta":{"footnotes":""},"class_list":["post-2507","page","type-page","status-publish","hentry"],"_links":{"self":[{"href":"https:\/\/peronmedya.com\/liderokullari\/wp-json\/wp\/v2\/pages\/2507","targetHints":{"allow":["GET"]}}],"collection":[{"href":"https:\/\/peronmedya.com\/liderokullari\/wp-json\/wp\/v2\/pages"}],"about":[{"href":"https:\/\/peronmedya.com\/liderokullari\/wp-json\/wp\/v2\/types\/page"}],"author":[{"embeddable":true,"href":"https:\/\/peronmedya.com\/liderokullari\/wp-json\/wp\/v2\/users\/3"}],"replies":[{"embeddable":true,"href":"https:\/\/peronmedya.com\/liderokullari\/wp-json\/wp\/v2\/comments?post=2507"}],"version-history":[{"count":13,"href":"https:\/\/peronmedya.com\/liderokullari\/wp-json\/wp\/v2\/pages\/2507\/revisions"}],"predecessor-version":[{"id":3711,"href":"https:\/\/peronmedya.com\/liderokullari\/wp-json\/wp\/v2\/pages\/2507\/revisions\/3711"}],"wp:attachment":[{"href":"https:\/\/peronmedya.com\/liderokullari\/wp-json\/wp\/v2\/media?parent=2507"}],"curies":[{"name":"wp","href":"https:\/\/api.w.org\/{rel}","templated":true}]}}