{"id":2793,"date":"2026-02-05T05:38:59","date_gmt":"2026-02-05T05:38:59","guid":{"rendered":"https:\/\/peronmedya.com\/liderokullari\/?page_id=2793"},"modified":"2026-02-05T05:39:48","modified_gmt":"2026-02-05T05:39:48","slug":"ortaokul-kadromuz","status":"publish","type":"page","link":"https:\/\/peronmedya.com\/liderokullari\/ortaokul-kadromuz\/","title":{"rendered":"Ortaokul Kadromuz"},"content":{"rendered":"\t\t<div data-elementor-type=\"wp-page\" data-elementor-id=\"2793\" class=\"elementor elementor-2793\" data-elementor-post-type=\"page\">\n\t\t\t\t<div class=\"elementor-element elementor-element-71dad96 e-flex e-con-boxed e-con e-parent\" data-id=\"71dad96\" data-element_type=\"container\" data-e-type=\"container\">\n\t\t\t\t\t<div class=\"e-con-inner\">\n\t\t<div class=\"elementor-element elementor-element-e12e160 e-flex e-con-boxed e-con e-child\" data-id=\"e12e160\" data-element_type=\"container\" data-e-type=\"container\">\n\t\t\t\t\t<div class=\"e-con-inner\">\n\t\t\t\t<div class=\"elementor-element elementor-element-3ad2e36 elementor-widget elementor-widget-heading\" data-id=\"3ad2e36\" data-element_type=\"widget\" data-e-type=\"widget\" data-widget_type=\"heading.default\">\n\t\t\t\t<div class=\"elementor-widget-container\">\n\t\t\t\t\t<h2 class=\"elementor-heading-title elementor-size-default\">Ortaokul Akademik Kadromuz<\/h2>\t\t\t\t<\/div>\n\t\t\t\t<\/div>\n\t\t<div class=\"elementor-element elementor-element-633eddb e-flex e-con-boxed e-con e-child\" data-id=\"633eddb\" data-element_type=\"container\" data-e-type=\"container\">\n\t\t\t\t\t<div class=\"e-con-inner\">\n\t\t\t\t<div class=\"elementor-element elementor-element-72e87c2 elementor-widget elementor-widget-text-editor\" data-id=\"72e87c2\" data-element_type=\"widget\" data-e-type=\"widget\" data-widget_type=\"text-editor.default\">\n\t\t\t\t<div class=\"elementor-widget-container\">\n\t\t\t\t\t\t\t\t\t<p class=\"p1\"><b>MATEMAT\u0130K<\/b><\/p><p class=\"p2\">NESR\u0130N ERO\u011eLU (Z\u00dcMRE BA\u015eKANI)<\/p><p class=\"p2\">CEYHUN G\u00dcZEL<\/p><p class=\"p2\">BET\u00dcL YET\u0130\u015eK\u0130N<\/p><p class=\"p2\">SEREN SARA\u00c7<\/p><p class=\"p2\">EL\u0130F SERPER<\/p><p class=\"p2\">FATMAG\u00dcL \u00d6Z\u00c7EL\u0130K<\/p><p class=\"p2\">FAD\u0130ME \u015eENOL<\/p><p class=\"p2\">\u0130BRAH\u0130M<\/p><p class=\"p2\"><b>T\u00dcRK\u00c7E<\/b><\/p><p class=\"p2\">\u00d6ZNUR FIRAT (Z\u00dcMRE BA\u015eKANI)<\/p><p class=\"p2\">MUZAFFER KAYA<\/p><p class=\"p2\">BET\u00dcL AYVAZ<\/p><p class=\"p2\">M\u00dcGE AYDIN<\/p><p class=\"p2\">ESRA HOCA<\/p><p class=\"p2\">G\u00d6ZDE \u00c7ET\u0130N<\/p><p class=\"p2\">\u00a0<\/p>\t\t\t\t\t\t\t\t<\/div>\n\t\t\t\t<\/div>\n\t\t\t\t<div class=\"elementor-element elementor-element-fe253d5 elementor-widget elementor-widget-text-editor\" data-id=\"fe253d5\" data-element_type=\"widget\" data-e-type=\"widget\" data-widget_type=\"text-editor.default\">\n\t\t\t\t<div class=\"elementor-widget-container\">\n\t\t\t\t\t\t\t\t\t<p class=\"p3\"><b>FEN B\u0130L\u0130MLER\u0130<\/b><\/p><p class=\"p2\">MUAMMER BENC\u0130K (Z\u00dcMRE BA\u015eKANI)<\/p><p class=\"p2\">HAT\u0130CE \u00d6ZER<\/p><p class=\"p2\">G\u0130ZEM K\u00dc\u00c7\u00dcK<\/p><p class=\"p2\">FAD\u0130ME EBRU \u015eAH\u0130N \u00d6ZAKSOY<\/p><p class=\"p2\">EZG\u0130 \u00d6ZCAN<\/p><p class=\"p3\"><br \/><b>SOSYAL B\u0130LG\u0130LER<\/b><b><\/b><\/p><p class=\"p2\">TU\u011eBA B\u0130LGE BENC\u0130K (Z\u00dcMRE BA\u015eKANI)<\/p><p class=\"p2\">\u00d6ZLEM MUTLU\u00a0<\/p><p class=\"p3\"><b>D\u0130N K\u00dcLT\u00dcR\u00dc VE AHLAK B\u0130LG\u0130S\u0130<\/b><\/p><p class=\"p2\">OSMAN KAMA<\/p><p class=\"p2\">\u00a0<\/p>\t\t\t\t\t\t\t\t<\/div>\n\t\t\t\t<\/div>\n\t\t\t\t<div class=\"elementor-element elementor-element-9ea0e74 elementor-widget elementor-widget-text-editor\" data-id=\"9ea0e74\" data-element_type=\"widget\" data-e-type=\"widget\" data-widget_type=\"text-editor.default\">\n\t\t\t\t<div class=\"elementor-widget-container\">\n\t\t\t\t\t\t\t\t\t<p class=\"p3\"><b>\u0130NG\u0130L\u0130ZCE <\/b><\/p><p class=\"p2\">H\u00dcLYA ULU\u011e (Z\u00dcMRE BA\u015eKANI)<\/p><p class=\"p2\">MEHMET MALCI<\/p><p class=\"p2\">SEDEF YET\u0130\u015eEN<\/p><p class=\"p2\">SONAY KANUT<\/p><p class=\"p2\">G\u00dcZ\u0130N A\u015eKINTA\u015e<\/p><p class=\"p3\"><b>\u00d6L\u00c7ME DE\u011eERLEND\u0130RME <\/b><\/p><p class=\"p2\">G\u00dcLHANIM HELVACI<\/p><p class=\"p2\">ULV\u0130YE T\u00dcRKMEN<\/p><p class=\"p2\">H\u00dcLYA \u015eAH\u0130N<\/p><p class=\"p2\">EDA KAYA<\/p><p class=\"p3\"><b>REHBERL\u0130K <\/b><\/p><p class=\"p2\">BARI\u015e S\u00dcMER<\/p><p class=\"p2\">G\u0130ZEM NUR KUKUL<\/p>\t\t\t\t\t\t\t\t<\/div>\n\t\t\t\t<\/div>\n\t\t\t\t\t<\/div>\n\t\t\t\t<\/div>\n\t\t\t\t\t<\/div>\n\t\t\t\t<\/div>\n\t\t\t\t\t<\/div>\n\t\t\t\t<\/div>\n\t\t\t\t<\/div>\n\t\t","protected":false},"excerpt":{"rendered":"<p>Ortaokul Akademik Kadromuz MATEMAT\u0130K NESR\u0130N ERO\u011eLU (Z\u00dcMRE BA\u015eKANI) CEYHUN G\u00dcZEL BET\u00dcL YET\u0130\u015eK\u0130N SEREN SARA\u00c7 EL\u0130F SERPER FATMAG\u00dcL \u00d6Z\u00c7EL\u0130K FAD\u0130ME \u015eENOL \u0130BRAH\u0130M T\u00dcRK\u00c7E \u00d6ZNUR FIRAT (Z\u00dcMRE BA\u015eKANI) MUZAFFER KAYA BET\u00dcL AYVAZ M\u00dcGE AYDIN ESRA HOCA G\u00d6ZDE \u00c7ET\u0130N \u00a0 FEN B\u0130L\u0130MLER\u0130 MUAMMER BENC\u0130K (Z\u00dcMRE BA\u015eKANI) HAT\u0130CE \u00d6ZER G\u0130ZEM K\u00dc\u00c7\u00dcK FAD\u0130ME EBRU \u015eAH\u0130N \u00d6ZAKSOY EZG\u0130 \u00d6ZCAN SOSYAL B\u0130LG\u0130LER [&hellip;]<\/p>\n","protected":false},"author":3,"featured_media":0,"parent":0,"menu_order":0,"comment_status":"closed","ping_status":"closed","template":"","meta":{"footnotes":""},"class_list":["post-2793","page","type-page","status-publish","hentry"],"_links":{"self":[{"href":"https:\/\/peronmedya.com\/liderokullari\/wp-json\/wp\/v2\/pages\/2793","targetHints":{"allow":["GET"]}}],"collection":[{"href":"https:\/\/peronmedya.com\/liderokullari\/wp-json\/wp\/v2\/pages"}],"about":[{"href":"https:\/\/peronmedya.com\/liderokullari\/wp-json\/wp\/v2\/types\/page"}],"author":[{"embeddable":true,"href":"https:\/\/peronmedya.com\/liderokullari\/wp-json\/wp\/v2\/users\/3"}],"replies":[{"embeddable":true,"href":"https:\/\/peronmedya.com\/liderokullari\/wp-json\/wp\/v2\/comments?post=2793"}],"version-history":[{"count":4,"href":"https:\/\/peronmedya.com\/liderokullari\/wp-json\/wp\/v2\/pages\/2793\/revisions"}],"predecessor-version":[{"id":2797,"href":"https:\/\/peronmedya.com\/liderokullari\/wp-json\/wp\/v2\/pages\/2793\/revisions\/2797"}],"wp:attachment":[{"href":"https:\/\/peronmedya.com\/liderokullari\/wp-json\/wp\/v2\/media?parent=2793"}],"curies":[{"name":"wp","href":"https:\/\/api.w.org\/{rel}","templated":true}]}}