{"id":2830,"date":"2026-02-05T05:53:29","date_gmt":"2026-02-05T05:53:29","guid":{"rendered":"https:\/\/peronmedya.com\/liderokullari\/?page_id=2830"},"modified":"2026-02-11T10:17:23","modified_gmt":"2026-02-11T10:17:23","slug":"ilkokul-muzik","status":"publish","type":"page","link":"https:\/\/peronmedya.com\/liderokullari\/ilkokul-muzik\/","title":{"rendered":"\u0130lkokul M\u00fczik"},"content":{"rendered":"\t\t<div data-elementor-type=\"wp-page\" data-elementor-id=\"2830\" class=\"elementor elementor-2830\" data-elementor-post-type=\"page\">\n\t\t\t\t<div class=\"elementor-element elementor-element-306736a e-flex e-con-boxed e-con e-parent\" data-id=\"306736a\" data-element_type=\"container\" data-e-type=\"container\">\n\t\t\t\t\t<div class=\"e-con-inner\">\n\t\t\t\t<div class=\"elementor-element elementor-element-a997857 elementor-widget elementor-widget-heading\" data-id=\"a997857\" data-element_type=\"widget\" data-e-type=\"widget\" data-widget_type=\"heading.default\">\n\t\t\t\t<div class=\"elementor-widget-container\">\n\t\t\t\t\t<h1 class=\"elementor-heading-title elementor-size-default\">Sosyal Etkinlikler<\/h1>\t\t\t\t<\/div>\n\t\t\t\t<\/div>\n\t\t<div class=\"elementor-element elementor-element-5485b54 e-con-full e-flex e-con e-child\" data-id=\"5485b54\" data-element_type=\"container\" data-e-type=\"container\">\n\t\t<div class=\"elementor-element elementor-element-65497b6 e-con-full e-flex e-con e-child\" data-id=\"65497b6\" data-element_type=\"container\" data-e-type=\"container\">\n\t\t<div class=\"elementor-element elementor-element-7c83e6e e-con-full e-flex elementor-invisible e-con e-child\" data-id=\"7c83e6e\" data-element_type=\"container\" data-e-type=\"container\" data-settings=\"{&quot;animation&quot;:&quot;fadeInRight&quot;}\">\n\t\t\t\t<div class=\"elementor-element elementor-element-6340363 elementor-widget elementor-widget-heading\" data-id=\"6340363\" data-element_type=\"widget\" data-e-type=\"widget\" data-widget_type=\"heading.default\">\n\t\t\t\t<div class=\"elementor-widget-container\">\n\t\t\t\t\t<h2 class=\"elementor-heading-title elementor-size-default\">M\u00fczik<\/h2>\t\t\t\t<\/div>\n\t\t\t\t<\/div>\n\t\t\t\t<div class=\"elementor-element elementor-element-2926a30 elementor-widget-divider--view-line elementor-widget elementor-widget-divider\" data-id=\"2926a30\" data-element_type=\"widget\" data-e-type=\"widget\" data-widget_type=\"divider.default\">\n\t\t\t\t<div class=\"elementor-widget-container\">\n\t\t\t\t\t\t\t<div class=\"elementor-divider\">\n\t\t\t<span class=\"elementor-divider-separator\">\n\t\t\t\t\t\t<\/span>\n\t\t<\/div>\n\t\t\t\t\t\t<\/div>\n\t\t\t\t<\/div>\n\t\t\t\t<div class=\"elementor-element elementor-element-dbb6b82 elementor-widget elementor-widget-text-editor\" data-id=\"dbb6b82\" data-element_type=\"widget\" data-e-type=\"widget\" data-widget_type=\"text-editor.default\">\n\t\t\t\t<div class=\"elementor-widget-container\">\n\t\t\t\t\t\t\t\t\t<p>M\u00fczik etkinlikleri, \u00f6\u011frencilerimizin ritim duygular\u0131n\u0131, i\u015fitsel alg\u0131lar\u0131n\u0131 ve sanatsal ifade becerilerini g\u00fc\u00e7lendirmeyi ama\u00e7lar. Okul koromuz, ritim grubumuz ve piyano \u00e7al\u0131\u015fmalar\u0131 ile \u00f6\u011frencilerimiz m\u00fczikle aktif olarak bulu\u015fur. Bu \u00e7al\u0131\u015fmalar, \u00f6\u011frencilerimizin \u00f6zg\u00fcven kazanmas\u0131na, birlikte \u00fcretme ve sahne deneyimi ya\u015famalar\u0131na katk\u0131 sa\u011flar.<\/p>\t\t\t\t\t\t\t\t<\/div>\n\t\t\t\t<\/div>\n\t\t\t\t<\/div>\n\t\t<div class=\"elementor-element elementor-element-362512e e-con-full e-flex elementor-invisible e-con e-child\" data-id=\"362512e\" data-element_type=\"container\" data-e-type=\"container\" data-settings=\"{&quot;animation&quot;:&quot;fadeInLeft&quot;}\">\n\t\t\t\t<div class=\"elementor-element elementor-element-6880bcb elementor-widget elementor-widget-image\" data-id=\"6880bcb\" data-element_type=\"widget\" data-e-type=\"widget\" data-widget_type=\"image.default\">\n\t\t\t\t<div class=\"elementor-widget-container\">\n\t\t\t\t\t\t\t\t\t\t\t\t\t\t\t<img fetchpriority=\"high\" decoding=\"async\" width=\"720\" height=\"405\" src=\"https:\/\/peronmedya.com\/liderokullari\/wp-content\/uploads\/2026\/02\/boy-playing-triangle-image.jpg\" class=\"attachment-full size-full wp-image-2832\" alt=\"\" srcset=\"https:\/\/peronmedya.com\/liderokullari\/wp-content\/uploads\/2026\/02\/boy-playing-triangle-image.jpg 720w, https:\/\/peronmedya.com\/liderokullari\/wp-content\/uploads\/2026\/02\/boy-playing-triangle-image-300x169.jpg 300w\" sizes=\"(max-width: 720px) 100vw, 720px\" \/>\t\t\t\t\t\t\t\t\t\t\t\t\t\t\t<\/div>\n\t\t\t\t<\/div>\n\t\t\t\t<\/div>\n\t\t\t\t<\/div>\n\t\t\t\t<\/div>\n\t\t\t\t\t<\/div>\n\t\t\t\t<\/div>\n\t\t\t\t<\/div>\n\t\t","protected":false},"excerpt":{"rendered":"<p>Sosyal Etkinlikler M\u00fczik M\u00fczik etkinlikleri, \u00f6\u011frencilerimizin ritim duygular\u0131n\u0131, i\u015fitsel alg\u0131lar\u0131n\u0131 ve sanatsal ifade becerilerini g\u00fc\u00e7lendirmeyi ama\u00e7lar. Okul koromuz, ritim grubumuz ve piyano \u00e7al\u0131\u015fmalar\u0131 ile \u00f6\u011frencilerimiz m\u00fczikle aktif olarak bulu\u015fur. Bu \u00e7al\u0131\u015fmalar, \u00f6\u011frencilerimizin \u00f6zg\u00fcven kazanmas\u0131na, birlikte \u00fcretme ve sahne deneyimi ya\u015famalar\u0131na katk\u0131 sa\u011flar.<\/p>\n","protected":false},"author":3,"featured_media":0,"parent":0,"menu_order":0,"comment_status":"closed","ping_status":"closed","template":"","meta":{"footnotes":""},"class_list":["post-2830","page","type-page","status-publish","hentry"],"_links":{"self":[{"href":"https:\/\/peronmedya.com\/liderokullari\/wp-json\/wp\/v2\/pages\/2830","targetHints":{"allow":["GET"]}}],"collection":[{"href":"https:\/\/peronmedya.com\/liderokullari\/wp-json\/wp\/v2\/pages"}],"about":[{"href":"https:\/\/peronmedya.com\/liderokullari\/wp-json\/wp\/v2\/types\/page"}],"author":[{"embeddable":true,"href":"https:\/\/peronmedya.com\/liderokullari\/wp-json\/wp\/v2\/users\/3"}],"replies":[{"embeddable":true,"href":"https:\/\/peronmedya.com\/liderokullari\/wp-json\/wp\/v2\/comments?post=2830"}],"version-history":[{"count":10,"href":"https:\/\/peronmedya.com\/liderokullari\/wp-json\/wp\/v2\/pages\/2830\/revisions"}],"predecessor-version":[{"id":3816,"href":"https:\/\/peronmedya.com\/liderokullari\/wp-json\/wp\/v2\/pages\/2830\/revisions\/3816"}],"wp:attachment":[{"href":"https:\/\/peronmedya.com\/liderokullari\/wp-json\/wp\/v2\/media?parent=2830"}],"curies":[{"name":"wp","href":"https:\/\/api.w.org\/{rel}","templated":true}]}}