{"id":2917,"date":"2026-02-05T10:39:12","date_gmt":"2026-02-05T10:39:12","guid":{"rendered":"https:\/\/peronmedya.com\/liderokullari\/?page_id=2917"},"modified":"2026-02-11T10:12:08","modified_gmt":"2026-02-11T10:12:08","slug":"ilkokula-hazirlik","status":"publish","type":"page","link":"https:\/\/peronmedya.com\/liderokullari\/ilkokula-hazirlik\/","title":{"rendered":"\u0130lkokula Haz\u0131rl\u0131k"},"content":{"rendered":"\t\t<div data-elementor-type=\"wp-page\" data-elementor-id=\"2917\" class=\"elementor elementor-2917\" data-elementor-post-type=\"page\">\n\t\t\t\t<div class=\"elementor-element elementor-element-eca2885 e-flex e-con-boxed e-con e-parent\" data-id=\"eca2885\" data-element_type=\"container\" data-e-type=\"container\">\n\t\t\t\t\t<div class=\"e-con-inner\">\n\t\t<div class=\"elementor-element elementor-element-1c7c8f1 e-con-full e-flex e-con e-child\" data-id=\"1c7c8f1\" data-element_type=\"container\" data-e-type=\"container\">\n\t\t<div class=\"elementor-element elementor-element-b5bde33 e-con-full e-flex e-con e-child\" data-id=\"b5bde33\" data-element_type=\"container\" data-e-type=\"container\">\n\t\t<div class=\"elementor-element elementor-element-040ff77 e-con-full e-flex e-con e-child\" data-id=\"040ff77\" data-element_type=\"container\" data-e-type=\"container\">\n\t\t\t\t<div class=\"elementor-element elementor-element-e881878 elementor-invisible elementor-widget elementor-widget-image\" data-id=\"e881878\" data-element_type=\"widget\" data-e-type=\"widget\" data-settings=\"{&quot;_animation&quot;:&quot;fadeInLeft&quot;}\" data-widget_type=\"image.default\">\n\t\t\t\t<div class=\"elementor-widget-container\">\n\t\t\t\t\t\t\t\t\t\t\t\t\t\t\t<img fetchpriority=\"high\" decoding=\"async\" width=\"1197\" height=\"800\" src=\"https:\/\/peronmedya.com\/liderokullari\/wp-content\/uploads\/2026\/02\/lider-okullari-atolye-1197x800-1.jpg\" class=\"attachment-full size-full wp-image-3370\" alt=\"\" srcset=\"https:\/\/peronmedya.com\/liderokullari\/wp-content\/uploads\/2026\/02\/lider-okullari-atolye-1197x800-1.jpg 1197w, https:\/\/peronmedya.com\/liderokullari\/wp-content\/uploads\/2026\/02\/lider-okullari-atolye-1197x800-1-300x201.jpg 300w, https:\/\/peronmedya.com\/liderokullari\/wp-content\/uploads\/2026\/02\/lider-okullari-atolye-1197x800-1-1024x684.jpg 1024w, https:\/\/peronmedya.com\/liderokullari\/wp-content\/uploads\/2026\/02\/lider-okullari-atolye-1197x800-1-768x513.jpg 768w\" sizes=\"(max-width: 1197px) 100vw, 1197px\" \/>\t\t\t\t\t\t\t\t\t\t\t\t\t\t\t<\/div>\n\t\t\t\t<\/div>\n\t\t\t\t<div class=\"elementor-element elementor-element-1a84059 elementor-widget elementor-widget-text-editor\" data-id=\"1a84059\" data-element_type=\"widget\" data-e-type=\"widget\" data-widget_type=\"text-editor.default\">\n\t\t\t\t<div class=\"elementor-widget-container\">\n\t\t\t\t\t\t\t\t\t<h4 class=\"p1\"><b>B\u00fct\u00fcnc\u00fcl Haz\u0131rl\u0131k Yakla\u015f\u0131m\u0131<\/b><\/h4><p class=\"p2\">\u0130lkokula haz\u0131rl\u0131k s\u00fcrecimiz; \u00e7ocuklar\u0131n geli\u015fim alanlar\u0131n\u0131n dengeli bir \u015fekilde desteklenmesi \u00fczerine yap\u0131land\u0131r\u0131l\u0131r.<\/p><p class=\"p2\">Bu s\u00fcre\u00e7te;<\/p><ul class=\"ul1\"><li class=\"li2\">Bili\u015fsel geli\u015fim<\/li><li class=\"li2\">Dil ve ileti\u015fim becerileri<\/li><li class=\"li2\">Sosyal-duygusal geli\u015fim<\/li><li class=\"li2\">Motor beceriler<\/li><li class=\"li2\">\u00d6z bak\u0131m ve \u00f6z denetim<\/li><\/ul><p class=\"p2\">Alanlar\u0131 birlikte ele al\u0131n\u0131r. \u00c7ocuklar\u0131m\u0131z\u0131n her alanda kendilerini yeterli ve haz\u0131r hissetmeleri hedeflenir.<\/p>\t\t\t\t\t\t\t\t<\/div>\n\t\t\t\t<\/div>\n\t\t\t\t<\/div>\n\t\t<div class=\"elementor-element elementor-element-58b4ea4 e-con-full e-flex e-con e-child\" data-id=\"58b4ea4\" data-element_type=\"container\" data-e-type=\"container\">\n\t\t\t\t<div class=\"elementor-element elementor-element-eebf115 elementor-widget elementor-widget-heading\" data-id=\"eebf115\" data-element_type=\"widget\" data-e-type=\"widget\" data-widget_type=\"heading.default\">\n\t\t\t\t<div class=\"elementor-widget-container\">\n\t\t\t\t\t<h2 class=\"elementor-heading-title elementor-size-default\">\u0130lkokula Haz\u0131rl\u0131k<\/h2>\t\t\t\t<\/div>\n\t\t\t\t<\/div>\n\t\t\t\t<div class=\"elementor-element elementor-element-77edec9 elementor-widget elementor-widget-text-editor\" data-id=\"77edec9\" data-element_type=\"widget\" data-e-type=\"widget\" data-widget_type=\"text-editor.default\">\n\t\t\t\t<div class=\"elementor-widget-container\">\n\t\t\t\t\t\t\t\t\t<p>Lider Anaokulu\u2019nda ilkokula haz\u0131rl\u0131k s\u00fcreci; \u00e7ocuklar\u0131n akademik, sosyal, duygusal ve bireysel geli\u015fimlerini b\u00fct\u00fcnc\u00fcl bir yakla\u015f\u0131mla destekleyen sistemli bir program \u00e7er\u00e7evesinde y\u00fcr\u00fct\u00fcl\u00fcr. Amac\u0131m\u0131z, \u00e7ocuklar\u0131m\u0131z\u0131n ilkokula yaln\u0131zca akademik olarak de\u011fil; <strong>\u00f6zg\u00fcvenli, sorumluluk sahibi ve \u00f6\u011frenmeye istekli<\/strong> bireyler olarak ba\u015flamalar\u0131n\u0131 sa\u011flamakt\u0131r.<\/p><p><br \/>\u0130lkokula haz\u0131rl\u0131k, Lider Anaokulu\u2019nda bir y\u0131l\u0131n konusu de\u011fil; anaokuluna ad\u0131m at\u0131lan ilk g\u00fcnden itibaren planlanan do\u011fal bir geli\u015fim s\u00fcrecidir.<\/p>\t\t\t\t\t\t\t\t<\/div>\n\t\t\t\t<\/div>\n\t\t\t\t<div class=\"elementor-element elementor-element-ad09ec2 elementor-hidden-phone elementor-invisible elementor-widget elementor-widget-image\" data-id=\"ad09ec2\" data-element_type=\"widget\" data-e-type=\"widget\" data-settings=\"{&quot;_animation&quot;:&quot;fadeInRight&quot;}\" data-widget_type=\"image.default\">\n\t\t\t\t<div class=\"elementor-widget-container\">\n\t\t\t\t\t\t\t\t\t\t\t\t\t\t\t<img decoding=\"async\" width=\"1197\" height=\"800\" src=\"https:\/\/peronmedya.com\/liderokullari\/wp-content\/uploads\/2026\/02\/lider-okullari-ahsap-egitim-1197x800-1.jpg\" class=\"attachment-full size-full wp-image-3369\" alt=\"\" srcset=\"https:\/\/peronmedya.com\/liderokullari\/wp-content\/uploads\/2026\/02\/lider-okullari-ahsap-egitim-1197x800-1.jpg 1197w, https:\/\/peronmedya.com\/liderokullari\/wp-content\/uploads\/2026\/02\/lider-okullari-ahsap-egitim-1197x800-1-300x201.jpg 300w, https:\/\/peronmedya.com\/liderokullari\/wp-content\/uploads\/2026\/02\/lider-okullari-ahsap-egitim-1197x800-1-1024x684.jpg 1024w, https:\/\/peronmedya.com\/liderokullari\/wp-content\/uploads\/2026\/02\/lider-okullari-ahsap-egitim-1197x800-1-768x513.jpg 768w\" sizes=\"(max-width: 1197px) 100vw, 1197px\" \/>\t\t\t\t\t\t\t\t\t\t\t\t\t\t\t<\/div>\n\t\t\t\t<\/div>\n\t\t\t\t<\/div>\n\t\t\t\t<\/div>\n\t\t\t\t<\/div>\n\t\t\t\t\t<\/div>\n\t\t\t\t<\/div>\n\t\t<div class=\"elementor-element elementor-element-4e496c2 e-flex e-con-boxed e-con e-parent\" data-id=\"4e496c2\" data-element_type=\"container\" data-e-type=\"container\">\n\t\t\t\t\t<div class=\"e-con-inner\">\n\t\t<div class=\"elementor-element elementor-element-353d3a0 e-con-full e-flex e-con e-child\" data-id=\"353d3a0\" data-element_type=\"container\" data-e-type=\"container\">\n\t\t<div class=\"elementor-element elementor-element-644aba5 e-con-full e-flex e-con e-child\" data-id=\"644aba5\" data-element_type=\"container\" data-e-type=\"container\">\n\t\t<div class=\"elementor-element elementor-element-2c2dc58 e-con-full e-flex e-con e-child\" data-id=\"2c2dc58\" data-element_type=\"container\" data-e-type=\"container\">\n\t\t\t\t<div class=\"elementor-element elementor-element-d315bc9 elementor-invisible elementor-widget elementor-widget-image\" data-id=\"d315bc9\" data-element_type=\"widget\" data-e-type=\"widget\" data-settings=\"{&quot;_animation&quot;:&quot;fadeInLeft&quot;}\" data-widget_type=\"image.default\">\n\t\t\t\t<div class=\"elementor-widget-container\">\n\t\t\t\t\t\t\t\t\t\t\t\t\t\t\t<img decoding=\"async\" width=\"1197\" height=\"800\" src=\"https:\/\/peronmedya.com\/liderokullari\/wp-content\/uploads\/2026\/02\/3-1-1197x800-1.jpg\" class=\"attachment-full size-full wp-image-3368\" alt=\"\" srcset=\"https:\/\/peronmedya.com\/liderokullari\/wp-content\/uploads\/2026\/02\/3-1-1197x800-1.jpg 1197w, https:\/\/peronmedya.com\/liderokullari\/wp-content\/uploads\/2026\/02\/3-1-1197x800-1-300x201.jpg 300w, https:\/\/peronmedya.com\/liderokullari\/wp-content\/uploads\/2026\/02\/3-1-1197x800-1-1024x684.jpg 1024w, https:\/\/peronmedya.com\/liderokullari\/wp-content\/uploads\/2026\/02\/3-1-1197x800-1-768x513.jpg 768w\" sizes=\"(max-width: 1197px) 100vw, 1197px\" \/>\t\t\t\t\t\t\t\t\t\t\t\t\t\t\t<\/div>\n\t\t\t\t<\/div>\n\t\t\t\t<div class=\"elementor-element elementor-element-6d4e115 elementor-widget elementor-widget-text-editor\" data-id=\"6d4e115\" data-element_type=\"widget\" data-e-type=\"widget\" data-widget_type=\"text-editor.default\">\n\t\t\t\t<div class=\"elementor-widget-container\">\n\t\t\t\t\t\t\t\t\t<h4 class=\"p1\"><b>Sosyal ve Duygusal Haz\u0131rl\u0131k<\/b><\/h4><p class=\"p2\">\u0130lkokul s\u00fcrecinde \u00e7ocuklar\u0131n yaln\u0131zca akademik de\u011fil, sosyal ve duygusal olarak da haz\u0131r olmalar\u0131 b\u00fcy\u00fck \u00f6nem ta\u015f\u0131r. Bu nedenle \u00e7ocuklar\u0131m\u0131z\u0131n;<\/p><ul class=\"ul1\"><li class=\"li2\">Kendini ifade edebilme<\/li><li class=\"li2\">Duygular\u0131n\u0131 tan\u0131ma ve y\u00f6netme<\/li><li class=\"li2\">Arkada\u015fl\u0131k ili\u015fkileri kurma<\/li><li class=\"li2\">Grup i\u00e7inde sorumluluk alma<\/li><li class=\"li2\">Kurallara uyum sa\u011flama<\/li><\/ul><p class=\"p2\">becerileri sistemli olarak desteklenir.<\/p><p class=\"p2\">Bu \u00e7al\u0131\u015fmalar, \u00e7ocuklar\u0131n yeni okul ortam\u0131na g\u00fcvenle uyum sa\u011flamalar\u0131n\u0131 kolayla\u015ft\u0131r\u0131r.<\/p>\t\t\t\t\t\t\t\t<\/div>\n\t\t\t\t<\/div>\n\t\t\t\t<\/div>\n\t\t<div class=\"elementor-element elementor-element-6635ab9 e-con-full e-flex e-con e-child\" data-id=\"6635ab9\" data-element_type=\"container\" data-e-type=\"container\">\n\t\t\t\t<div class=\"elementor-element elementor-element-56043fa elementor-widget elementor-widget-text-editor\" data-id=\"56043fa\" data-element_type=\"widget\" data-e-type=\"widget\" data-widget_type=\"text-editor.default\">\n\t\t\t\t<div class=\"elementor-widget-container\">\n\t\t\t\t\t\t\t\t\t<h4 class=\"p1\"><b>Akademik Haz\u0131rl\u0131k S\u00fcreci<\/b><b><\/b><\/h4><p class=\"p2\">Lider Anaokulu\u2019nda akademik haz\u0131rl\u0131k \u00e7al\u0131\u015fmalar\u0131, \u00e7ocuklar\u0131n ya\u015f ve geli\u015fim \u00f6zelliklerine uygun olarak planlan\u0131r. Okuma-yazma \u00f6\u011fretimine ge\u00e7meden \u00f6nce gerekli olan temel beceriler do\u011fal bir ak\u0131\u015f i\u00e7erisinde desteklenir.<\/p><p class=\"p2\">Bu kapsamda;<\/p><ul class=\"ul1\"><li class=\"li2\">Ses fark\u0131ndal\u0131\u011f\u0131 \u00e7al\u0131\u015fmalar\u0131<\/li><li class=\"li2\">Kelime da\u011farc\u0131\u011f\u0131n\u0131 geli\u015ftiren etkinlikler<\/li><li class=\"li2\">Dikkat ve odaklanma \u00e7al\u0131\u015fmalar\u0131<\/li><li class=\"li2\">G\u00f6rsel alg\u0131 ve s\u0131ralama becerileri<\/li><li class=\"li2\">\u00c7izgi ve yazmaya haz\u0131rl\u0131k etkinlikleri<\/li><\/ul><p class=\"p2\">programl\u0131 \u015fekilde uygulan\u0131r.<\/p><p class=\"p1\">\u00c7ocuklar\u0131m\u0131z, akademik bask\u0131 alt\u0131nda kalmadan \u00f6\u011frenmeye kar\u015f\u0131 olumlu tutum geli\u015ftirerek ilkokula haz\u0131rlan\u0131r.<\/p>\t\t\t\t\t\t\t\t<\/div>\n\t\t\t\t<\/div>\n\t\t\t\t<div class=\"elementor-element elementor-element-3b18cb3 elementor-hidden-phone elementor-invisible elementor-widget elementor-widget-image\" data-id=\"3b18cb3\" data-element_type=\"widget\" data-e-type=\"widget\" data-settings=\"{&quot;_animation&quot;:&quot;fadeInRight&quot;}\" data-widget_type=\"image.default\">\n\t\t\t\t<div class=\"elementor-widget-container\">\n\t\t\t\t\t\t\t\t\t\t\t\t\t\t\t<img loading=\"lazy\" decoding=\"async\" width=\"1500\" height=\"990\" src=\"https:\/\/peronmedya.com\/liderokullari\/wp-content\/uploads\/2026\/02\/4048.jpg\" class=\"attachment-full size-full wp-image-3371\" alt=\"\" srcset=\"https:\/\/peronmedya.com\/liderokullari\/wp-content\/uploads\/2026\/02\/4048.jpg 1500w, https:\/\/peronmedya.com\/liderokullari\/wp-content\/uploads\/2026\/02\/4048-300x198.jpg 300w, https:\/\/peronmedya.com\/liderokullari\/wp-content\/uploads\/2026\/02\/4048-1024x676.jpg 1024w, https:\/\/peronmedya.com\/liderokullari\/wp-content\/uploads\/2026\/02\/4048-768x507.jpg 768w\" sizes=\"(max-width: 1500px) 100vw, 1500px\" \/>\t\t\t\t\t\t\t\t\t\t\t\t\t\t\t<\/div>\n\t\t\t\t<\/div>\n\t\t\t\t<\/div>\n\t\t\t\t<\/div>\n\t\t\t\t<div class=\"elementor-element elementor-element-e0cd162 elementor-widget elementor-widget-text-editor\" data-id=\"e0cd162\" data-element_type=\"widget\" data-e-type=\"widget\" data-widget_type=\"text-editor.default\">\n\t\t\t\t<div class=\"elementor-widget-container\">\n\t\t\t\t\t\t\t\t\t<h4 class=\"p1\"><b>Ba\u011f\u0131ms\u0131zl\u0131k ve Sorumluluk Becerileri<\/b><\/h4><p class=\"p2\">\u0130lkokula ge\u00e7i\u015f s\u00fcrecinde \u00e7ocuklar\u0131n kendi i\u015flerini yapabilmeleri ve sorumluluk alabilmeleri b\u00fcy\u00fck \u00f6nem ta\u015f\u0131r. G\u00fcnl\u00fck ya\u015fam becerileri \u00e7al\u0131\u015fmalar\u0131yla \u00e7ocuklar\u0131m\u0131z;<\/p><ul class=\"ul1\"><li class=\"li2\">Kendi e\u015fyalar\u0131n\u0131 d\u00fczenler,<\/li><li class=\"li2\">Zaman y\u00f6netimi al\u0131\u015fkanl\u0131\u011f\u0131 kazan\u0131r,<\/li><li class=\"li2\">G\u00f6rev ve sorumluluklar\u0131n\u0131 yerine getirir,<\/li><li class=\"li2\">\u00d6z bak\u0131m becerilerini ba\u011f\u0131ms\u0131z \u015fekilde uygular.<\/li><\/ul><p class=\"p2\">Bu kazan\u0131mlar, \u00e7ocuklar\u0131n ilkokul s\u00fcrecine \u00f6zg\u00fcvenle ba\u015flamalar\u0131n\u0131 destekler.<\/p>\t\t\t\t\t\t\t\t<\/div>\n\t\t\t\t<\/div>\n\t\t\t\t<\/div>\n\t\t\t\t\t<\/div>\n\t\t\t\t<\/div>\n\t\t<div class=\"elementor-element elementor-element-7bbc02b e-flex e-con-boxed e-con e-parent\" data-id=\"7bbc02b\" data-element_type=\"container\" data-e-type=\"container\">\n\t\t\t\t\t<div class=\"e-con-inner\">\n\t\t<div class=\"elementor-element elementor-element-dc657c2 e-flex e-con-boxed e-con e-child\" data-id=\"dc657c2\" data-element_type=\"container\" data-e-type=\"container\">\n\t\t\t\t\t<div class=\"e-con-inner\">\n\t\t\t\t<div class=\"elementor-element elementor-element-bc6b40f elementor-widget elementor-widget-text-editor\" data-id=\"bc6b40f\" data-element_type=\"widget\" data-e-type=\"widget\" data-widget_type=\"text-editor.default\">\n\t\t\t\t<div class=\"elementor-widget-container\">\n\t\t\t\t\t\t\t\t\t<h3 class=\"p1\"><b>\u00dc\u00e7 A\u015famal\u0131 \u0130lkokula Ge\u00e7i\u015f ve Oryantasyon S\u00fcreci<\/b><\/h3><p class=\"p2\">Lider Anaokulu\u2019nda ilkokula ge\u00e7i\u015f s\u00fcreci, \u00e7ocuklar\u0131n kendilerini g\u00fcvende hissetmeleri ve yeni e\u011fitim ortam\u0131na kolay uyum sa\u011flamalar\u0131 amac\u0131yla <b>\u00fc\u00e7 a\u015famal\u0131 bir sistemle<\/b> planlan\u0131r.<\/p><h5 class=\"p3\"><b>1. A\u015fama: \u0130lkokulla Tan\u0131\u015fma S\u00fcreci<\/b><\/h5><p class=\"p4\">6 ya\u015f grubu \u00f6\u011frencilerimiz, ikinci d\u00f6nemde nisan ay\u0131 itibar\u0131yla belirli aral\u0131klarla ilkokul kat\u0131na \u00e7\u0131karak ilkokul \u00f6\u011fretmenleriyle birlikte ders ak\u0131\u015flar\u0131na kat\u0131lmaya ba\u015flar. Bu s\u00fcre\u00e7te \u00e7ocuklar, ilkokul ortam\u0131n\u0131 tan\u0131r ve s\u0131n\u0131f d\u00fczenine al\u0131\u015f\u0131r.<\/p><h5 class=\"p3\"><b>2. A\u015fama: Birinci S\u0131n\u0131f Oryantasyonu<\/b><\/h5><p class=\"p2\">May\u0131s ay\u0131nda ger\u00e7ekle\u015ftirilen oryantasyon program\u0131 ile \u00f6\u011frencilerimiz, ilkokul ortam\u0131n\u0131 daha yak\u0131ndan deneyimler ve ge\u00e7i\u015f s\u00fcrecine bilin\u00e7li \u015fekilde haz\u0131rlan\u0131r.<\/p><h5 class=\"p3\"><b>3. A\u015fama: Bireysel Uyum ve Destek S\u00fcreci<\/b><\/h5><p class=\"p2\">E\u011fitim \u00f6\u011fretim y\u0131l\u0131 tamamland\u0131ktan sonra, psikolojik dan\u0131\u015fmanl\u0131k ve rehberlik birimi (PDR) i\u015f birli\u011fiyle belirlenen s\u0131n\u0131flarda ikinci oryantasyon \u00e7al\u0131\u015fmalar\u0131 ger\u00e7ekle\u015ftirilir. Bu s\u00fcre\u00e7te \u00e7ocuklar\u0131n bireysel ihtiya\u00e7lar\u0131 dikkate al\u0131narak sosyal ve duygusal uyumlar\u0131 desteklenir.<\/p><p class=\"p2\">Bu \u00fc\u00e7 a\u015famal\u0131 sistem sayesinde \u00f6\u011frencilerimiz, eyl\u00fcl ay\u0131nda s\u0131n\u0131flar\u0131na haz\u0131r bir \u015fekilde e\u011fitim s\u00fcre\u00e7lerine g\u00fcvenle ba\u015flar.<\/p><p>\u00a0<\/p><h3 class=\"p1\"><b>De\u011ferlendirme ve Bireysel Takip<\/b><\/h3><p class=\"p2\">\u0130lkokula haz\u0131rl\u0131k s\u00fcreci boyunca \u00e7ocuklar\u0131m\u0131z\u0131n geli\u015fimi d\u00fczenli olarak g\u00f6zlemlenir ve bireysel ihtiya\u00e7lara g\u00f6re desteklenir. G\u00f6zlem \u00e7al\u0131\u015fmalar\u0131 ve geli\u015fim de\u011ferlendirmeleri arac\u0131l\u0131\u011f\u0131yla her \u00e7ocu\u011fun ilerleme s\u00fcreci takip edilir ve ailelerle d\u00fczenli olarak payla\u015f\u0131l\u0131r.<\/p><p>\u00a0<\/p><h3 class=\"p1\"><b>Lider Anaokulu\u2019nda \u0130lkokula Haz\u0131rl\u0131k<\/b><\/h3><p class=\"p2\">Lider Anaokulu\u2019nda ilkokula haz\u0131rl\u0131k; \u00e7ocuklar\u0131n akademik, sosyal ve duygusal a\u00e7\u0131dan dengeli bi\u00e7imde geli\u015fti\u011fi, \u00f6zg\u00fcven kazand\u0131\u011f\u0131 ve \u00f6\u011frenmeye sevgiyle yakla\u015ft\u0131\u011f\u0131 bir s\u00fcre\u00e7tir.<\/p><p class=\"p2\">Amac\u0131m\u0131z; \u00e7ocuklar\u0131m\u0131z\u0131 ilkokula haz\u0131r bireyler olarak de\u011fil, <b>hayata haz\u0131r bireyler<\/b> olarak yeti\u015ftirmektir.<\/p>\t\t\t\t\t\t\t\t<\/div>\n\t\t\t\t<\/div>\n\t\t\t\t\t<\/div>\n\t\t\t\t<\/div>\n\t\t\t\t<div class=\"elementor-element elementor-element-f42a3cf elementor-widget elementor-widget-image\" data-id=\"f42a3cf\" data-element_type=\"widget\" data-e-type=\"widget\" data-widget_type=\"image.default\">\n\t\t\t\t<div class=\"elementor-widget-container\">\n\t\t\t\t\t\t\t\t\t\t\t\t\t\t\t<img loading=\"lazy\" decoding=\"async\" width=\"800\" height=\"271\" src=\"https:\/\/peronmedya.com\/liderokullari\/wp-content\/uploads\/2025\/10\/Basliksiz-1-1-1024x347.png\" class=\"attachment-large size-large wp-image-554\" alt=\"\" srcset=\"https:\/\/peronmedya.com\/liderokullari\/wp-content\/uploads\/2025\/10\/Basliksiz-1-1-1024x347.png 1024w, https:\/\/peronmedya.com\/liderokullari\/wp-content\/uploads\/2025\/10\/Basliksiz-1-1-300x102.png 300w, https:\/\/peronmedya.com\/liderokullari\/wp-content\/uploads\/2025\/10\/Basliksiz-1-1-768x260.png 768w, https:\/\/peronmedya.com\/liderokullari\/wp-content\/uploads\/2025\/10\/Basliksiz-1-1-1536x520.png 1536w, https:\/\/peronmedya.com\/liderokullari\/wp-content\/uploads\/2025\/10\/Basliksiz-1-1.png 1920w\" sizes=\"(max-width: 800px) 100vw, 800px\" \/>\t\t\t\t\t\t\t\t\t\t\t\t\t\t\t<\/div>\n\t\t\t\t<\/div>\n\t\t\t\t\t<\/div>\n\t\t\t\t<\/div>\n\t\t\t\t<\/div>\n\t\t","protected":false},"excerpt":{"rendered":"<p>B\u00fct\u00fcnc\u00fcl Haz\u0131rl\u0131k Yakla\u015f\u0131m\u0131 \u0130lkokula haz\u0131rl\u0131k s\u00fcrecimiz; \u00e7ocuklar\u0131n geli\u015fim alanlar\u0131n\u0131n dengeli bir \u015fekilde desteklenmesi \u00fczerine yap\u0131land\u0131r\u0131l\u0131r. Bu s\u00fcre\u00e7te; Bili\u015fsel geli\u015fim Dil ve ileti\u015fim becerileri Sosyal-duygusal geli\u015fim Motor beceriler \u00d6z bak\u0131m ve \u00f6z denetim Alanlar\u0131 birlikte ele al\u0131n\u0131r. \u00c7ocuklar\u0131m\u0131z\u0131n her alanda kendilerini yeterli ve haz\u0131r hissetmeleri hedeflenir. \u0130lkokula Haz\u0131rl\u0131k Lider Anaokulu\u2019nda ilkokula haz\u0131rl\u0131k s\u00fcreci; \u00e7ocuklar\u0131n akademik, sosyal, [&hellip;]<\/p>\n","protected":false},"author":3,"featured_media":0,"parent":0,"menu_order":0,"comment_status":"closed","ping_status":"closed","template":"","meta":{"footnotes":""},"class_list":["post-2917","page","type-page","status-publish","hentry"],"_links":{"self":[{"href":"https:\/\/peronmedya.com\/liderokullari\/wp-json\/wp\/v2\/pages\/2917","targetHints":{"allow":["GET"]}}],"collection":[{"href":"https:\/\/peronmedya.com\/liderokullari\/wp-json\/wp\/v2\/pages"}],"about":[{"href":"https:\/\/peronmedya.com\/liderokullari\/wp-json\/wp\/v2\/types\/page"}],"author":[{"embeddable":true,"href":"https:\/\/peronmedya.com\/liderokullari\/wp-json\/wp\/v2\/users\/3"}],"replies":[{"embeddable":true,"href":"https:\/\/peronmedya.com\/liderokullari\/wp-json\/wp\/v2\/comments?post=2917"}],"version-history":[{"count":10,"href":"https:\/\/peronmedya.com\/liderokullari\/wp-json\/wp\/v2\/pages\/2917\/revisions"}],"predecessor-version":[{"id":3786,"href":"https:\/\/peronmedya.com\/liderokullari\/wp-json\/wp\/v2\/pages\/2917\/revisions\/3786"}],"wp:attachment":[{"href":"https:\/\/peronmedya.com\/liderokullari\/wp-json\/wp\/v2\/media?parent=2917"}],"curies":[{"name":"wp","href":"https:\/\/api.w.org\/{rel}","templated":true}]}}