{"id":2925,"date":"2026-02-05T10:40:53","date_gmt":"2026-02-05T10:40:53","guid":{"rendered":"https:\/\/peronmedya.com\/liderokullari\/?page_id=2925"},"modified":"2026-02-11T10:14:18","modified_gmt":"2026-02-11T10:14:18","slug":"ilkokul-pdr","status":"publish","type":"page","link":"https:\/\/peronmedya.com\/liderokullari\/ilkokul-pdr\/","title":{"rendered":"\u0130lkokul PDR"},"content":{"rendered":"\t\t<div data-elementor-type=\"wp-page\" data-elementor-id=\"2925\" class=\"elementor elementor-2925\" data-elementor-post-type=\"page\">\n\t\t\t\t<div class=\"elementor-element elementor-element-74a21a6 e-flex e-con-boxed e-con e-parent\" data-id=\"74a21a6\" data-element_type=\"container\" data-e-type=\"container\">\n\t\t\t\t\t<div class=\"e-con-inner\">\n\t\t<div class=\"elementor-element elementor-element-3155cfb e-flex e-con-boxed e-con e-child\" data-id=\"3155cfb\" data-element_type=\"container\" data-e-type=\"container\">\n\t\t\t\t\t<div class=\"e-con-inner\">\n\t\t\t\t<div class=\"elementor-element elementor-element-f6aa60a elementor-widget elementor-widget-image\" data-id=\"f6aa60a\" data-element_type=\"widget\" data-e-type=\"widget\" data-widget_type=\"image.default\">\n\t\t\t\t<div class=\"elementor-widget-container\">\n\t\t\t\t\t\t\t\t\t\t\t\t\t\t\t<img fetchpriority=\"high\" decoding=\"async\" width=\"800\" height=\"250\" src=\"https:\/\/peronmedya.com\/liderokullari\/wp-content\/uploads\/2025\/10\/ilkokul-slider-2-1024x320.png\" class=\"attachment-large size-large wp-image-569\" alt=\"\" srcset=\"https:\/\/peronmedya.com\/liderokullari\/wp-content\/uploads\/2025\/10\/ilkokul-slider-2-1024x320.png 1024w, https:\/\/peronmedya.com\/liderokullari\/wp-content\/uploads\/2025\/10\/ilkokul-slider-2-300x94.png 300w, https:\/\/peronmedya.com\/liderokullari\/wp-content\/uploads\/2025\/10\/ilkokul-slider-2-768x240.png 768w, https:\/\/peronmedya.com\/liderokullari\/wp-content\/uploads\/2025\/10\/ilkokul-slider-2-1536x480.png 1536w, https:\/\/peronmedya.com\/liderokullari\/wp-content\/uploads\/2025\/10\/ilkokul-slider-2.png 1920w\" sizes=\"(max-width: 800px) 100vw, 800px\" \/>\t\t\t\t\t\t\t\t\t\t\t\t\t\t\t<\/div>\n\t\t\t\t<\/div>\n\t\t\t\t<div class=\"elementor-element elementor-element-d73b8c3 elementor-widget elementor-widget-heading\" data-id=\"d73b8c3\" data-element_type=\"widget\" data-e-type=\"widget\" data-widget_type=\"heading.default\">\n\t\t\t\t<div class=\"elementor-widget-container\">\n\t\t\t\t\t<h2 class=\"elementor-heading-title elementor-size-default\">\u0130lkokul Rehberlik Modeli<\/h2>\t\t\t\t<\/div>\n\t\t\t\t<\/div>\n\t\t\t\t<div class=\"elementor-element elementor-element-2bb413b elementor-widget elementor-widget-text-editor\" data-id=\"2bb413b\" data-element_type=\"widget\" data-e-type=\"widget\" data-widget_type=\"text-editor.default\">\n\t\t\t\t<div class=\"elementor-widget-container\">\n\t\t\t\t\t\t\t\t\t<p class=\"p1\">Lider Okullar\u0131 Psikolojik Dan\u0131\u015fma ve Rehberlik Birimi, \u00f6\u011frencilerimizin sosyal, duygusal, davran\u0131\u015fsal ve akademik geli\u015fimlerini desteklemek amac\u0131yla b\u00fct\u00fcnc\u00fcl bir rehberlik program\u0131 y\u00fcr\u00fct\u00fcr. \u00d6\u011frenci, veli ve \u00f6\u011fretmen i\u015f birli\u011fi temelinde planlanan hizmetlerimiz, her \u00e7ocu\u011fun bireysel farkl\u0131l\u0131klar\u0131n\u0131 g\u00f6zetir ve g\u00fcvenli bir \u00f6\u011frenme ortam\u0131 sunar.<\/p><p class=\"p2\"><b>\u00d6\u011frencilere Y\u00f6nelik \u00c7al\u0131\u015fmalar<\/b><\/p><ul class=\"ul1\"><li class=\"li1\"><b>Bireysel ve grup rehberli\u011fi:<\/b> Okula uyum, benlik fark\u0131ndal\u0131\u011f\u0131, duygu y\u00f6netimi, problem \u00e7\u00f6zme ve ileti\u015fim becerileri<\/li><li class=\"li1\"><b>Geli\u015fimsel de\u011ferlendirme:<\/b> G\u00f6zlem, \u00f6l\u00e7ek ve testlerle ihtiya\u00e7lara uygun destek planlar\u0131<\/li><\/ul><p class=\"p2\"><b>Velilere Y\u00f6nelik \u00c7al\u0131\u015fmalar<\/b><\/p><ul class=\"ul1\"><li class=\"li1\">Bireysel g\u00f6r\u00fc\u015fmeler ve bilgilendirme toplant\u0131lar\u0131<\/li><li class=\"li1\">\u00c7ocuklar\u0131n geli\u015fim s\u00fcre\u00e7lerine rehberlik ve dan\u0131\u015fmanl\u0131k deste\u011fi<\/li><\/ul><p class=\"p2\"><b>\u00d6\u011fretmenlere Y\u00f6nelik \u00c7al\u0131\u015fmalar<\/b><\/p><ul class=\"ul1\"><li class=\"li1\">S\u0131n\u0131f ve bran\u015f \u00f6\u011fretmenleriyle i\u015f birli\u011fi<\/li><li class=\"li1\">Rehberlik materyalleri ve \u00f6\u011frenciye y\u00f6nelik strateji dan\u0131\u015fmanl\u0131\u011f\u0131<\/li><\/ul><p class=\"p2\"><b>Y\u00f6nlendirme ve S\u00fcre\u00e7 Takibi<\/b><\/p><ul class=\"ul1\"><li class=\"li1\">\u00d6\u011frencilerin sosyal, duygusal, davran\u0131\u015fsal ve akademik ihtiya\u00e7lar\u0131na g\u00f6re y\u00f6nlendirme<\/li><li class=\"li1\">Kurum d\u0131\u015f\u0131 uzmanlarla i\u015f birli\u011fi ve s\u00fcre\u00e7 takibi<\/li><\/ul><p class=\"p6\"><b><span class=\"Apple-converted-space\">\u00a0\u00a0<\/span><\/b><\/p>\t\t\t\t\t\t\t\t<\/div>\n\t\t\t\t<\/div>\n\t\t\t\t\t<\/div>\n\t\t\t\t<\/div>\n\t\t\t\t\t<\/div>\n\t\t\t\t<\/div>\n\t\t\t\t<\/div>\n\t\t","protected":false},"excerpt":{"rendered":"<p>\u0130lkokul Rehberlik Modeli Lider Okullar\u0131 Psikolojik Dan\u0131\u015fma ve Rehberlik Birimi, \u00f6\u011frencilerimizin sosyal, duygusal, davran\u0131\u015fsal ve akademik geli\u015fimlerini desteklemek amac\u0131yla b\u00fct\u00fcnc\u00fcl bir rehberlik program\u0131 y\u00fcr\u00fct\u00fcr. \u00d6\u011frenci, veli ve \u00f6\u011fretmen i\u015f birli\u011fi temelinde planlanan hizmetlerimiz, her \u00e7ocu\u011fun bireysel farkl\u0131l\u0131klar\u0131n\u0131 g\u00f6zetir ve g\u00fcvenli bir \u00f6\u011frenme ortam\u0131 sunar. \u00d6\u011frencilere Y\u00f6nelik \u00c7al\u0131\u015fmalar Bireysel ve grup rehberli\u011fi: Okula uyum, benlik fark\u0131ndal\u0131\u011f\u0131, [&hellip;]<\/p>\n","protected":false},"author":3,"featured_media":0,"parent":0,"menu_order":0,"comment_status":"closed","ping_status":"closed","template":"","meta":{"footnotes":""},"class_list":["post-2925","page","type-page","status-publish","hentry"],"_links":{"self":[{"href":"https:\/\/peronmedya.com\/liderokullari\/wp-json\/wp\/v2\/pages\/2925","targetHints":{"allow":["GET"]}}],"collection":[{"href":"https:\/\/peronmedya.com\/liderokullari\/wp-json\/wp\/v2\/pages"}],"about":[{"href":"https:\/\/peronmedya.com\/liderokullari\/wp-json\/wp\/v2\/types\/page"}],"author":[{"embeddable":true,"href":"https:\/\/peronmedya.com\/liderokullari\/wp-json\/wp\/v2\/users\/3"}],"replies":[{"embeddable":true,"href":"https:\/\/peronmedya.com\/liderokullari\/wp-json\/wp\/v2\/comments?post=2925"}],"version-history":[{"count":7,"href":"https:\/\/peronmedya.com\/liderokullari\/wp-json\/wp\/v2\/pages\/2925\/revisions"}],"predecessor-version":[{"id":3795,"href":"https:\/\/peronmedya.com\/liderokullari\/wp-json\/wp\/v2\/pages\/2925\/revisions\/3795"}],"wp:attachment":[{"href":"https:\/\/peronmedya.com\/liderokullari\/wp-json\/wp\/v2\/media?parent=2925"}],"curies":[{"name":"wp","href":"https:\/\/api.w.org\/{rel}","templated":true}]}}