{"id":2992,"date":"2026-02-05T11:20:14","date_gmt":"2026-02-05T11:20:14","guid":{"rendered":"https:\/\/peronmedya.com\/liderokullari\/?page_id=2992"},"modified":"2026-02-11T10:37:28","modified_gmt":"2026-02-11T10:37:28","slug":"ogretmen-akademisi","status":"publish","type":"page","link":"https:\/\/peronmedya.com\/liderokullari\/ogretmen-akademisi\/","title":{"rendered":"\u00d6\u011fretmen Akademisi"},"content":{"rendered":"\t\t<div data-elementor-type=\"wp-page\" data-elementor-id=\"2992\" class=\"elementor elementor-2992\" data-elementor-post-type=\"page\">\n\t\t\t\t<div class=\"elementor-element elementor-element-d3fb899 e-con-full e-flex elementor-invisible e-con e-child\" data-id=\"d3fb899\" data-element_type=\"container\" data-e-type=\"container\" data-settings=\"{&quot;animation&quot;:&quot;fadeIn&quot;}\">\n\t\t<div class=\"elementor-element elementor-element-2403418 e-con-full e-flex e-con e-child\" data-id=\"2403418\" data-element_type=\"container\" data-e-type=\"container\">\n\t\t<div class=\"elementor-element elementor-element-0ba3d57 e-con-full e-flex e-con e-child\" data-id=\"0ba3d57\" data-element_type=\"container\" data-e-type=\"container\">\n\t\t\t\t<div class=\"elementor-element elementor-element-2fba3f7 elementor-widget elementor-widget-heading\" data-id=\"2fba3f7\" data-element_type=\"widget\" data-e-type=\"widget\" data-widget_type=\"heading.default\">\n\t\t\t\t<div class=\"elementor-widget-container\">\n\t\t\t\t\t<h2 class=\"elementor-heading-title elementor-size-default\">\u00d6\u011fretmen Akademisi<\/h2>\t\t\t\t<\/div>\n\t\t\t\t<\/div>\n\t\t\t\t<div class=\"elementor-element elementor-element-64500bb elementor-widget-divider--view-line elementor-widget elementor-widget-divider\" data-id=\"64500bb\" data-element_type=\"widget\" data-e-type=\"widget\" data-widget_type=\"divider.default\">\n\t\t\t\t<div class=\"elementor-widget-container\">\n\t\t\t\t\t\t\t<div class=\"elementor-divider\">\n\t\t\t<span class=\"elementor-divider-separator\">\n\t\t\t\t\t\t<\/span>\n\t\t<\/div>\n\t\t\t\t\t\t<\/div>\n\t\t\t\t<\/div>\n\t\t\t\t<div class=\"elementor-element elementor-element-f6ee41c elementor-widget elementor-widget-text-editor\" data-id=\"f6ee41c\" data-element_type=\"widget\" data-e-type=\"widget\" data-widget_type=\"text-editor.default\">\n\t\t\t\t<div class=\"elementor-widget-container\">\n\t\t\t\t\t\t\t\t\t<p>Okulumuzda, \u00f6\u011fretmenlerimizin mesleki geli\u015fimlerini desteklemek amac\u0131yla d\u00fczenli aral\u0131klarla \u00d6\u011fretmen Akademisi Etkinlikleri ger\u00e7ekle\u015ftirilmektedir. Bu etkinlikler, g\u00fcncel e\u011fitim yakla\u015f\u0131mlar\u0131 ve mesleki payla\u015f\u0131mlar do\u011frultusunda planlanmaktad\u0131r.<\/p>\t\t\t\t\t\t\t\t<\/div>\n\t\t\t\t<\/div>\n\t\t\t\t<\/div>\n\t\t\t\t<\/div>\n\t\t\t\t<\/div>\n\t\t<div class=\"elementor-element elementor-element-730a275 e-flex e-con-boxed e-con e-parent\" data-id=\"730a275\" data-element_type=\"container\" data-e-type=\"container\">\n\t\t\t\t\t<div class=\"e-con-inner\">\n\t\t\t\t<div class=\"elementor-element elementor-element-1836244 elementor-widget__width-initial elementor-widget elementor-widget-gallery\" data-id=\"1836244\" data-element_type=\"widget\" data-e-type=\"widget\" data-settings=\"{&quot;columns&quot;:3,&quot;gap&quot;:{&quot;unit&quot;:&quot;px&quot;,&quot;size&quot;:30,&quot;sizes&quot;:[]},&quot;lazyload&quot;:&quot;yes&quot;,&quot;gallery_layout&quot;:&quot;grid&quot;,&quot;columns_tablet&quot;:2,&quot;columns_mobile&quot;:1,&quot;gap_tablet&quot;:{&quot;unit&quot;:&quot;px&quot;,&quot;size&quot;:10,&quot;sizes&quot;:[]},&quot;gap_mobile&quot;:{&quot;unit&quot;:&quot;px&quot;,&quot;size&quot;:10,&quot;sizes&quot;:[]},&quot;link_to&quot;:&quot;file&quot;,&quot;aspect_ratio&quot;:&quot;3:2&quot;,&quot;overlay_background&quot;:&quot;yes&quot;,&quot;content_hover_animation&quot;:&quot;fade-in&quot;}\" data-widget_type=\"gallery.default\">\n\t\t\t\t<div class=\"elementor-widget-container\">\n\t\t\t\t\t\t\t<div class=\"elementor-gallery__container\">\n\t\t\t\t\t\t\t<a class=\"e-gallery-item elementor-gallery-item elementor-animated-content\" href=\"https:\/\/peronmedya.com\/liderokullari\/wp-content\/uploads\/2026\/02\/Ogretmen-Akademisi-1.jpg\" data-elementor-open-lightbox=\"yes\" data-elementor-lightbox-slideshow=\"1836244\" data-elementor-lightbox-title=\"\u00d6\u011fretmen Akademisi (1)\" data-e-action-hash=\"#elementor-action%3Aaction%3Dlightbox%26settings%3DeyJpZCI6MzI2MCwidXJsIjoiaHR0cHM6XC9cL3Blcm9ubWVkeWEuY29tXC9saWRlcm9rdWxsYXJpXC93cC1jb250ZW50XC91cGxvYWRzXC8yMDI2XC8wMlwvT2dyZXRtZW4tQWthZGVtaXNpLTEuanBnIiwic2xpZGVzaG93IjoiMTgzNjI0NCJ9\">\n\t\t\t\t\t<div class=\"e-gallery-image elementor-gallery-item__image\" data-thumbnail=\"https:\/\/peronmedya.com\/liderokullari\/wp-content\/uploads\/2026\/02\/Ogretmen-Akademisi-1.jpg\" data-width=\"1080\" data-height=\"1350\" aria-label=\"\" role=\"img\" ><\/div>\n\t\t\t\t\t\t\t\t\t\t\t<div class=\"elementor-gallery-item__overlay\"><\/div>\n\t\t\t\t\t\t\t\t\t\t\t\t\t\t<\/a>\n\t\t\t\t\t\t\t<a class=\"e-gallery-item elementor-gallery-item elementor-animated-content\" href=\"https:\/\/peronmedya.com\/liderokullari\/wp-content\/uploads\/2026\/02\/Ogretmen-Akademisi-6.jpg\" data-elementor-open-lightbox=\"yes\" data-elementor-lightbox-slideshow=\"1836244\" data-elementor-lightbox-title=\"\u00d6\u011fretmen Akademisi (6)\" data-e-action-hash=\"#elementor-action%3Aaction%3Dlightbox%26settings%3DeyJpZCI6MzI1OSwidXJsIjoiaHR0cHM6XC9cL3Blcm9ubWVkeWEuY29tXC9saWRlcm9rdWxsYXJpXC93cC1jb250ZW50XC91cGxvYWRzXC8yMDI2XC8wMlwvT2dyZXRtZW4tQWthZGVtaXNpLTYuanBnIiwic2xpZGVzaG93IjoiMTgzNjI0NCJ9\">\n\t\t\t\t\t<div class=\"e-gallery-image elementor-gallery-item__image\" data-thumbnail=\"https:\/\/peronmedya.com\/liderokullari\/wp-content\/uploads\/2026\/02\/Ogretmen-Akademisi-6.jpg\" data-width=\"1080\" data-height=\"1350\" aria-label=\"\" role=\"img\" ><\/div>\n\t\t\t\t\t\t\t\t\t\t\t<div class=\"elementor-gallery-item__overlay\"><\/div>\n\t\t\t\t\t\t\t\t\t\t\t\t\t\t<\/a>\n\t\t\t\t\t\t\t<a class=\"e-gallery-item elementor-gallery-item elementor-animated-content\" href=\"https:\/\/peronmedya.com\/liderokullari\/wp-content\/uploads\/2026\/02\/Ogretmen-Akademisi-5.jpg\" data-elementor-open-lightbox=\"yes\" data-elementor-lightbox-slideshow=\"1836244\" data-elementor-lightbox-title=\"\u00d6\u011fretmen Akademisi (5)\" data-e-action-hash=\"#elementor-action%3Aaction%3Dlightbox%26settings%3DeyJpZCI6MzI1OCwidXJsIjoiaHR0cHM6XC9cL3Blcm9ubWVkeWEuY29tXC9saWRlcm9rdWxsYXJpXC93cC1jb250ZW50XC91cGxvYWRzXC8yMDI2XC8wMlwvT2dyZXRtZW4tQWthZGVtaXNpLTUuanBnIiwic2xpZGVzaG93IjoiMTgzNjI0NCJ9\">\n\t\t\t\t\t<div class=\"e-gallery-image elementor-gallery-item__image\" data-thumbnail=\"https:\/\/peronmedya.com\/liderokullari\/wp-content\/uploads\/2026\/02\/Ogretmen-Akademisi-5.jpg\" data-width=\"1080\" data-height=\"1350\" aria-label=\"\" role=\"img\" ><\/div>\n\t\t\t\t\t\t\t\t\t\t\t<div class=\"elementor-gallery-item__overlay\"><\/div>\n\t\t\t\t\t\t\t\t\t\t\t\t\t\t<\/a>\n\t\t\t\t\t\t\t<a class=\"e-gallery-item elementor-gallery-item elementor-animated-content\" href=\"https:\/\/peronmedya.com\/liderokullari\/wp-content\/uploads\/2026\/02\/Ogretmen-Akademisi-4.jpg\" data-elementor-open-lightbox=\"yes\" data-elementor-lightbox-slideshow=\"1836244\" data-elementor-lightbox-title=\"\u00d6\u011fretmen Akademisi (4)\" data-e-action-hash=\"#elementor-action%3Aaction%3Dlightbox%26settings%3DeyJpZCI6MzI1NywidXJsIjoiaHR0cHM6XC9cL3Blcm9ubWVkeWEuY29tXC9saWRlcm9rdWxsYXJpXC93cC1jb250ZW50XC91cGxvYWRzXC8yMDI2XC8wMlwvT2dyZXRtZW4tQWthZGVtaXNpLTQuanBnIiwic2xpZGVzaG93IjoiMTgzNjI0NCJ9\">\n\t\t\t\t\t<div class=\"e-gallery-image elementor-gallery-item__image\" data-thumbnail=\"https:\/\/peronmedya.com\/liderokullari\/wp-content\/uploads\/2026\/02\/Ogretmen-Akademisi-4.jpg\" data-width=\"1080\" data-height=\"1350\" aria-label=\"\" role=\"img\" ><\/div>\n\t\t\t\t\t\t\t\t\t\t\t<div class=\"elementor-gallery-item__overlay\"><\/div>\n\t\t\t\t\t\t\t\t\t\t\t\t\t\t<\/a>\n\t\t\t\t\t\t\t<a class=\"e-gallery-item elementor-gallery-item elementor-animated-content\" href=\"https:\/\/peronmedya.com\/liderokullari\/wp-content\/uploads\/2026\/02\/Ogretmen-Akademisi-3.jpg\" data-elementor-open-lightbox=\"yes\" data-elementor-lightbox-slideshow=\"1836244\" data-elementor-lightbox-title=\"\u00d6\u011fretmen Akademisi (3)\" data-e-action-hash=\"#elementor-action%3Aaction%3Dlightbox%26settings%3DeyJpZCI6MzI1NiwidXJsIjoiaHR0cHM6XC9cL3Blcm9ubWVkeWEuY29tXC9saWRlcm9rdWxsYXJpXC93cC1jb250ZW50XC91cGxvYWRzXC8yMDI2XC8wMlwvT2dyZXRtZW4tQWthZGVtaXNpLTMuanBnIiwic2xpZGVzaG93IjoiMTgzNjI0NCJ9\">\n\t\t\t\t\t<div class=\"e-gallery-image elementor-gallery-item__image\" data-thumbnail=\"https:\/\/peronmedya.com\/liderokullari\/wp-content\/uploads\/2026\/02\/Ogretmen-Akademisi-3.jpg\" data-width=\"1080\" data-height=\"1350\" aria-label=\"\" role=\"img\" ><\/div>\n\t\t\t\t\t\t\t\t\t\t\t<div class=\"elementor-gallery-item__overlay\"><\/div>\n\t\t\t\t\t\t\t\t\t\t\t\t\t\t<\/a>\n\t\t\t\t\t\t\t<a class=\"e-gallery-item elementor-gallery-item elementor-animated-content\" href=\"https:\/\/peronmedya.com\/liderokullari\/wp-content\/uploads\/2026\/02\/Ogretmen-Akademisi-2.jpg\" data-elementor-open-lightbox=\"yes\" data-elementor-lightbox-slideshow=\"1836244\" data-elementor-lightbox-title=\"\u00d6\u011fretmen Akademisi (2)\" data-e-action-hash=\"#elementor-action%3Aaction%3Dlightbox%26settings%3DeyJpZCI6MzI1NSwidXJsIjoiaHR0cHM6XC9cL3Blcm9ubWVkeWEuY29tXC9saWRlcm9rdWxsYXJpXC93cC1jb250ZW50XC91cGxvYWRzXC8yMDI2XC8wMlwvT2dyZXRtZW4tQWthZGVtaXNpLTIuanBnIiwic2xpZGVzaG93IjoiMTgzNjI0NCJ9\">\n\t\t\t\t\t<div class=\"e-gallery-image elementor-gallery-item__image\" data-thumbnail=\"https:\/\/peronmedya.com\/liderokullari\/wp-content\/uploads\/2026\/02\/Ogretmen-Akademisi-2.jpg\" data-width=\"1080\" data-height=\"1350\" aria-label=\"\" role=\"img\" ><\/div>\n\t\t\t\t\t\t\t\t\t\t\t<div class=\"elementor-gallery-item__overlay\"><\/div>\n\t\t\t\t\t\t\t\t\t\t\t\t\t\t<\/a>\n\t\t\t\t\t<\/div>\n\t\t\t\t\t<\/div>\n\t\t\t\t<\/div>\n\t\t\t\t\t<\/div>\n\t\t\t\t<\/div>\n\t\t\t\t<\/div>\n\t\t","protected":false},"excerpt":{"rendered":"<p>\u00d6\u011fretmen Akademisi Okulumuzda, \u00f6\u011fretmenlerimizin mesleki geli\u015fimlerini desteklemek amac\u0131yla d\u00fczenli aral\u0131klarla \u00d6\u011fretmen Akademisi Etkinlikleri ger\u00e7ekle\u015ftirilmektedir. Bu etkinlikler, g\u00fcncel e\u011fitim yakla\u015f\u0131mlar\u0131 ve mesleki payla\u015f\u0131mlar do\u011frultusunda planlanmaktad\u0131r.<\/p>\n","protected":false},"author":3,"featured_media":0,"parent":0,"menu_order":0,"comment_status":"closed","ping_status":"closed","template":"","meta":{"footnotes":""},"class_list":["post-2992","page","type-page","status-publish","hentry"],"_links":{"self":[{"href":"https:\/\/peronmedya.com\/liderokullari\/wp-json\/wp\/v2\/pages\/2992","targetHints":{"allow":["GET"]}}],"collection":[{"href":"https:\/\/peronmedya.com\/liderokullari\/wp-json\/wp\/v2\/pages"}],"about":[{"href":"https:\/\/peronmedya.com\/liderokullari\/wp-json\/wp\/v2\/types\/page"}],"author":[{"embeddable":true,"href":"https:\/\/peronmedya.com\/liderokullari\/wp-json\/wp\/v2\/users\/3"}],"replies":[{"embeddable":true,"href":"https:\/\/peronmedya.com\/liderokullari\/wp-json\/wp\/v2\/comments?post=2992"}],"version-history":[{"count":10,"href":"https:\/\/peronmedya.com\/liderokullari\/wp-json\/wp\/v2\/pages\/2992\/revisions"}],"predecessor-version":[{"id":3891,"href":"https:\/\/peronmedya.com\/liderokullari\/wp-json\/wp\/v2\/pages\/2992\/revisions\/3891"}],"wp:attachment":[{"href":"https:\/\/peronmedya.com\/liderokullari\/wp-json\/wp\/v2\/media?parent=2992"}],"curies":[{"name":"wp","href":"https:\/\/api.w.org\/{rel}","templated":true}]}}